{"id":8900,"date":"2024-05-23T12:37:03","date_gmt":"2024-05-23T09:37:03","guid":{"rendered":"http:\/\/www.univ-dbkm.dz\/fll1\/?page_id=8900"},"modified":"2025-03-16T15:51:35","modified_gmt":"2025-03-16T12:51:35","slug":"departement-de-langue-et-litterature-arabe","status":"publish","type":"page","link":"http:\/\/www.univ-dbkm.dz\/fll1\/fr\/departement-de-langue-et-litterature-arabe\/","title":{"rendered":"D\u00e9partement de langue et litt\u00e9rature arabe"},"content":{"rendered":"\t\t<div data-elementor-type=\"wp-page\" data-elementor-id=\"8900\" class=\"elementor elementor-8900\">\n\t\t\t\t\t\t<section class=\"elementor-section elementor-top-section elementor-element elementor-element-46417ba elementor-section-height-min-height elementor-section-boxed elementor-section-height-default elementor-section-items-middle wpr-particle-no wpr-jarallax-no wpr-parallax-no wpr-sticky-section-no\" data-id=\"46417ba\" data-element_type=\"section\" data-settings=\"{&quot;background_background&quot;:&quot;classic&quot;}\">\n\t\t\t\t\t\t\t<div class=\"elementor-background-overlay\"><\/div>\n\t\t\t\t\t\t\t<div class=\"elementor-container elementor-column-gap-default\">\n\t\t\t\t\t<div class=\"elementor-column elementor-col-100 elementor-top-column elementor-element elementor-element-483d2c5e\" data-id=\"483d2c5e\" data-element_type=\"column\">\n\t\t\t<div class=\"elementor-widget-wrap elementor-element-populated\">\n\t\t\t\t\t\t<div class=\"elementor-element elementor-element-1e45894e elementor-widget elementor-widget-heading\" data-id=\"1e45894e\" data-element_type=\"widget\" data-widget_type=\"heading.default\">\n\t\t\t\t<div class=\"elementor-widget-container\">\n\t\t\t\t\t<h3 class=\"elementor-heading-title elementor-size-default\">D\u00e9partement de langue et litt\u00e9rature arabe<\/h3>\t\t\t\t<\/div>\n\t\t\t\t<\/div>\n\t\t\t\t\t<\/div>\n\t\t<\/div>\n\t\t\t\t\t<\/div>\n\t\t<\/section>\n\t\t\t\t<section class=\"elementor-section elementor-top-section elementor-element elementor-element-ccc4b59 elementor-section-boxed elementor-section-height-default elementor-section-height-default wpr-particle-no wpr-jarallax-no wpr-parallax-no wpr-sticky-section-no\" data-id=\"ccc4b59\" data-element_type=\"section\">\n\t\t\t\t\t\t<div class=\"elementor-container elementor-column-gap-default\">\n\t\t\t\t\t<div class=\"elementor-column elementor-col-100 elementor-top-column elementor-element elementor-element-c39bec7\" data-id=\"c39bec7\" data-element_type=\"column\">\n\t\t\t<div class=\"elementor-widget-wrap elementor-element-populated\">\n\t\t\t\t\t\t<div class=\"elementor-element elementor-element-d61ea01 elementor-widget elementor-widget-text-editor\" data-id=\"d61ea01\" data-element_type=\"widget\" data-widget_type=\"text-editor.default\">\n\t\t\t\t<div class=\"elementor-widget-container\">\n\t\t\t\t\t\t\t\t\t<section class=\"elementor-section elementor-top-section elementor-element elementor-element-8c56804 elementor-section-boxed elementor-section-height-default elementor-section-height-default wpr-particle-no wpr-jarallax-no wpr-parallax-no wpr-sticky-section-no\" data-id=\"8c56804\" data-element_type=\"section\"><div class=\"elementor-container elementor-column-gap-default\"><div class=\"elementor-column elementor-col-100 elementor-top-column elementor-element elementor-element-dda8269\" data-id=\"dda8269\" data-element_type=\"column\"><div class=\"elementor-widget-wrap elementor-element-populated\"><div class=\"elementor-element elementor-element-5978521 elementor-widget elementor-widget-text-editor\" data-id=\"5978521\" data-element_type=\"widget\" data-widget_type=\"text-editor.default\"><div class=\"elementor-widget-container\"><p style=\"text-align: center;\">21 septembre 2024<\/p><\/div><\/div><\/div><\/div><\/div><\/section>\t\t\t\t\t\t\t\t<\/div>\n\t\t\t\t<\/div>\n\t\t\t\t\t<\/div>\n\t\t<\/div>\n\t\t\t\t\t<\/div>\n\t\t<\/section>\n\t\t\t\t<section class=\"elementor-section elementor-top-section elementor-element elementor-element-a7bbda1 elementor-section-boxed elementor-section-height-default elementor-section-height-default wpr-particle-no wpr-jarallax-no wpr-parallax-no wpr-sticky-section-no\" data-id=\"a7bbda1\" data-element_type=\"section\">\n\t\t\t\t\t\t<div class=\"elementor-container elementor-column-gap-default\">\n\t\t\t\t\t<div class=\"elementor-column elementor-col-100 elementor-top-column elementor-element elementor-element-9821a9b\" data-id=\"9821a9b\" data-element_type=\"column\">\n\t\t\t<div class=\"elementor-widget-wrap elementor-element-populated\">\n\t\t\t\t\t\t<div class=\"elementor-element elementor-element-c82280d elementor-invisible elementor-widget elementor-widget-text-editor\" data-id=\"c82280d\" data-element_type=\"widget\" data-settings=\"{&quot;_animation&quot;:&quot;zoomInRight&quot;}\" data-widget_type=\"text-editor.default\">\n\t\t\t\t<div class=\"elementor-widget-container\">\n\t\t\t\t\t\t\t\t\t<table><tbody><tr><td width=\"185\"><p><strong>Domaine<\/strong><\/p><\/td><td width=\"185\"><p><strong>Section<\/strong><\/p><\/td><td width=\"187\"><p><strong>Licence<\/strong><\/p><\/td><td width=\"200\"><p><strong>Master<\/strong><\/p><\/td><td width=\"176\"><p><strong>Doctorat<\/strong><\/p><\/td><\/tr><tr><td rowspan=\"3\" width=\"185\"><p><strong>Langue et litt\u00e9rature arabe<\/strong><\/p><\/td><td width=\"185\"><p><strong>Etudes litt\u00e9raire<\/strong><\/p><p><strong>\u00a0<\/strong><\/p><\/td><td width=\"187\"><strong><a href=\"http:\/\/www.univ-dbkm.dz\/fll1\/wp-content\/uploads\/2024\/05\/\u0623\u062f\u0628-\u0639\u0631\u0628\u064a.pdf\">Litt\u00e9rature arabe<\/a><\/strong><br \/><p><strong>\u00a0<\/strong><\/p><\/td><td width=\"200\"><p><strong><a href=\"http:\/\/www.univ-dbkm.dz\/fll1\/wp-content\/uploads\/2024\/05\/\u0645\u0634\u0631\u0648\u0639-\u0627\u0644\u0627\u062f\u0628-\u0627\u0644\u062c\u0632\u0627\u0626\u0631\u064a-1.pdf\">Litt\u00e9rature alg\u00e9rienne<\/a><\/strong><\/p><p><strong>\u00a0<\/strong><\/p><\/td><td width=\"176\"><p><strong><a href=\"http:\/\/www.univ-dbkm.dz\/fll1\/wp-content\/uploads\/2024\/05\/\u0645\u0634\u0631\u0648\u0639-\u0627\u0644\u0627\u062f\u0628-\u0627\u0644\u062c\u0632\u0627\u0626\u0631\u064a.pdf\">Langue et Litt\u00e9rature alg\u00e9rienne<\/a><\/strong><\/p><\/td><\/tr><tr><td width=\"185\"><p><strong>Etudes critique<\/strong><\/p><\/td><td width=\"187\"><p><strong><a href=\"http:\/\/www.univ-dbkm.dz\/fll1\/wp-content\/uploads\/2024\/05\/\u0646\u0642\u062f-\u0648-\u0645\u0646\u0627\u0647\u062c.pdf\">Critique et Curriculum<\/a><\/strong><\/p><\/td><td width=\"200\"><p><strong><a href=\"http:\/\/www.univ-dbkm.dz\/fll1\/wp-content\/uploads\/2024\/05\/\u0645\u0648\u0627\u0621\u0645\u0629-\u0645\u0634\u0631\u0648\u0639-\u0646\u0642\u062f-\u062d\u062f\u064a\u062b-\u0648\u0645\u0639\u0627\u0635\u0631-1.pdf\">Critique Moderne et Contemporaine<\/a><\/strong><\/p><\/td><td width=\"176\"><p><strong>Critique Moderne et Contemporaine<\/strong><\/p><\/td><\/tr><tr><td width=\"185\"><p><strong>Etude linguistique<\/strong><\/p><\/td><td width=\"187\"><p><strong><a href=\"http:\/\/www.univ-dbkm.dz\/fll1\/wp-content\/uploads\/2024\/05\/\u0627\u0644\u0644\u0633\u0627\u0646\u064a\u0627\u062a-\u0627\u0644\u0639\u0627\u0645\u0629.pdf\">Linguistique g\u00e9n\u00e9rale<\/a><\/strong><\/p><\/td><td width=\"200\"><strong><a href=\"http:\/\/www.univ-dbkm.dz\/fll1\/wp-content\/uploads\/2024\/05\/\u0645\u0634\u0631\u0648\u0639-\u0627\u0644\u0644\u0633\u0627\u0646\u064a\u0627\u062a.pdf\">Linguistique g\u00e9n\u00e9rale<\/a><\/strong><\/td><td width=\"176\"><p><strong>\/<\/strong><\/p><\/td><\/tr><\/tbody><\/table>\t\t\t\t\t\t\t\t<\/div>\n\t\t\t\t<\/div>\n\t\t\t\t\t<\/div>\n\t\t<\/div>\n\t\t\t\t\t<\/div>\n\t\t<\/section>\n\t\t\t\t<\/div>\n\t\t","protected":false},"excerpt":{"rendered":"<p>D\u00e9partement de langue et litt\u00e9rature arabe 21 septembre 2024 Domaine Section Licence Master Doctorat Langue et litt\u00e9rature arabe Etudes litt\u00e9raire \u00a0 Litt\u00e9rature arabe \u00a0 Litt\u00e9rature alg\u00e9rienne \u00a0 Langue et Litt\u00e9rature alg\u00e9rienne Etudes critique Critique et Curriculum Critique Moderne et Contemporaine Critique Moderne et Contemporaine Etude linguistique Linguistique g\u00e9n\u00e9rale Linguistique g\u00e9n\u00e9rale \/<\/p>\n","protected":false},"author":1,"featured_media":0,"parent":0,"menu_order":0,"comment_status":"closed","ping_status":"closed","template":"","meta":{"limit_modified_date":"","last_modified_date":"","site-sidebar-layout":"no-sidebar","site-content-layout":"page-builder","ast-global-header-display":"","ast-main-header-display":"","ast-hfb-above-header-display":"","ast-hfb-below-header-display":"","ast-hfb-mobile-header-display":"","site-post-title":"disabled","ast-breadcrumbs-content":"","ast-featured-img":"disabled","footer-sml-layout":"","theme-transparent-header-meta":"","adv-header-id-meta":"","stick-header-meta":"","header-above-stick-meta":"","header-main-stick-meta":"","header-below-stick-meta":"","footnotes":""},"class_list":["post-8900","page","type-page","status-publish","hentry"],"rttpg_featured_image_url":null,"rttpg_author":{"display_name":"fll1","author_link":"http:\/\/www.univ-dbkm.dz\/fll1\/author\/fll1\/"},"rttpg_comment":0,"rttpg_category":" <a href=\"http:\/\/www.univ-dbkm.dz\/fll1\/fr\/\" rel=\"tag\">Fran\u00e7ais<\/a>","rttpg_excerpt":"D\u00e9partement de langue et litt\u00e9rature arabe 21 septembre 2024 Domaine Section Licence Master Doctorat Langue et litt\u00e9rature arabe Etudes litt\u00e9raire \u00a0 Litt\u00e9rature arabe \u00a0 Litt\u00e9rature alg\u00e9rienne \u00a0 Langue et Litt\u00e9rature alg\u00e9rienne Etudes critique Critique et Curriculum Critique Moderne et Contemporaine Critique Moderne et Contemporaine Etude linguistique Linguistique g\u00e9n\u00e9rale Linguistique g\u00e9n\u00e9rale \/","_links":{"self":[{"href":"http:\/\/www.univ-dbkm.dz\/fll1\/wp-json\/wp\/v2\/pages\/8900","targetHints":{"allow":["GET"]}}],"collection":[{"href":"http:\/\/www.univ-dbkm.dz\/fll1\/wp-json\/wp\/v2\/pages"}],"about":[{"href":"http:\/\/www.univ-dbkm.dz\/fll1\/wp-json\/wp\/v2\/types\/page"}],"author":[{"embeddable":true,"href":"http:\/\/www.univ-dbkm.dz\/fll1\/wp-json\/wp\/v2\/users\/1"}],"replies":[{"embeddable":true,"href":"http:\/\/www.univ-dbkm.dz\/fll1\/wp-json\/wp\/v2\/comments?post=8900"}],"version-history":[{"count":7,"href":"http:\/\/www.univ-dbkm.dz\/fll1\/wp-json\/wp\/v2\/pages\/8900\/revisions"}],"predecessor-version":[{"id":9992,"href":"http:\/\/www.univ-dbkm.dz\/fll1\/wp-json\/wp\/v2\/pages\/8900\/revisions\/9992"}],"wp:attachment":[{"href":"http:\/\/www.univ-dbkm.dz\/fll1\/wp-json\/wp\/v2\/media?parent=8900"}],"curies":[{"name":"wp","href":"https:\/\/api.w.org\/{rel}","templated":true}]}}