{"id":2052,"date":"2023-05-02T16:02:58","date_gmt":"2023-05-02T13:02:58","guid":{"rendered":"http:\/\/www.univ-dbkm.dz\/fsecsg1\/?page_id=2052"},"modified":"2023-05-02T16:05:26","modified_gmt":"2023-05-02T13:05:26","slug":"mot-de-doyen","status":"publish","type":"page","link":"http:\/\/www.univ-dbkm.dz\/fsecsg1\/fr\/mot-de-doyen\/","title":{"rendered":"Mot de doyen"},"content":{"rendered":"\t\t<div data-elementor-type=\"wp-page\" data-elementor-id=\"2052\" class=\"elementor elementor-2052\">\n\t\t\t\t\t\t<section class=\"elementor-section elementor-top-section elementor-element elementor-element-9cb6b89 elementor-section-boxed elementor-section-height-default elementor-section-height-default wpr-particle-no wpr-jarallax-no wpr-parallax-no wpr-sticky-section-no\" data-id=\"9cb6b89\" data-element_type=\"section\">\n\t\t\t\t\t\t<div class=\"elementor-container elementor-column-gap-default\">\n\t\t\t\t\t<div class=\"elementor-column elementor-col-100 elementor-top-column elementor-element elementor-element-1888ba1\" data-id=\"1888ba1\" data-element_type=\"column\">\n\t\t\t<div class=\"elementor-widget-wrap elementor-element-populated\">\n\t\t\t\t\t\t<div class=\"elementor-element elementor-element-7d9f3a0 elementor-invisible elementor-widget elementor-widget-heading\" data-id=\"7d9f3a0\" data-element_type=\"widget\" data-settings=\"{&quot;_animation&quot;:&quot;zoomIn&quot;}\" data-widget_type=\"heading.default\">\n\t\t\t\t<div class=\"elementor-widget-container\">\n\t\t\t\t\t<h2 class=\"elementor-heading-title elementor-size-default\">Mot de doyen<\/h2>\t\t\t\t<\/div>\n\t\t\t\t<\/div>\n\t\t\t\t\t<\/div>\n\t\t<\/div>\n\t\t\t\t\t<\/div>\n\t\t<\/section>\n\t\t\t\t<section class=\"elementor-section elementor-top-section elementor-element elementor-element-fd82fdd elementor-section-boxed elementor-section-height-default elementor-section-height-default wpr-particle-no wpr-jarallax-no wpr-parallax-no wpr-sticky-section-no\" data-id=\"fd82fdd\" data-element_type=\"section\">\n\t\t\t\t\t\t<div class=\"elementor-container elementor-column-gap-default\">\n\t\t\t\t\t<div class=\"elementor-column elementor-col-100 elementor-top-column elementor-element elementor-element-71650b0\" data-id=\"71650b0\" data-element_type=\"column\">\n\t\t\t<div class=\"elementor-widget-wrap elementor-element-populated\">\n\t\t\t\t\t\t<div class=\"elementor-element elementor-element-ac79316 elementor-invisible elementor-widget elementor-widget-text-editor\" data-id=\"ac79316\" data-element_type=\"widget\" data-settings=\"{&quot;_animation&quot;:&quot;zoomIn&quot;}\" data-widget_type=\"text-editor.default\">\n\t\t\t\t<div class=\"elementor-widget-container\">\n\t\t\t\t\t\t\t\t\t<h3><strong>J&rsquo;ai choisi d&rsquo;\u00e9tudier \u00e0 la Facult\u00e9 des Sciences Economiques, Commerciales et Administratives, Universit\u00e9 de Djilali Bounaama \u00e0 Khemis Miliana.<\/strong><br \/><strong>Au nom de tout le personnel, je vous souhaite la bienvenue parmi nous. Le personnel enseignant et de recherche, ainsi que le personnel administratif, vous apporteront leur expertise et leur sens du service public.<\/strong><br \/><strong>La Facult\u00e9 des sciences \u00e9conomiques, commerciales et administratives, o\u00f9 vous \u00e9tudierez, fait partie de l&rsquo;Universit\u00e9 de Khemis Miliana. Vous \u00eates donc au c\u0153ur d&rsquo;une grande universit\u00e9 multidisciplinaire de plus de 21 000 \u00e9tudiants. Nous sommes convaincus que la solide r\u00e9putation de notre universit\u00e9 et ses offres acad\u00e9miques exceptionnelles vous offriront un environnement stimulant et favorable dans lequel vous pourrez prosp\u00e9rer.<\/strong><br \/><strong>Nous esp\u00e9rons que votre s\u00e9jour dans notre coll\u00e8ge a \u00e9t\u00e9 une exp\u00e9rience \u00e9panouissante et transformatrice, et nous sommes honor\u00e9s de vous compter parmi les membres de notre communaut\u00e9 universitaire. Encore une fois, nous vous souhaitons la bienvenue et le meilleur pour votre parcours universitaire.<\/strong><br \/><strong>Doyen : Dr. Chicha Nawal<\/strong><br \/><strong>Courriel : n.chicha@univ-dbkm.dz<\/strong><br \/><strong>T\u00e9l\/Fax : (+213) &#8211; 27661603<\/strong><\/h3>\t\t\t\t\t\t\t\t<\/div>\n\t\t\t\t<\/div>\n\t\t\t\t\t<\/div>\n\t\t<\/div>\n\t\t\t\t\t<\/div>\n\t\t<\/section>\n\t\t\t\t<\/div>\n\t\t","protected":false},"excerpt":{"rendered":"<p>Mot de doyen J&rsquo;ai choisi d&rsquo;\u00e9tudier \u00e0 la Facult\u00e9 des Sciences Economiques, Commerciales et Administratives, Universit\u00e9 de Djilali Bounaama \u00e0 Khemis Miliana.Au nom de tout le personnel, je vous souhaite la bienvenue parmi nous. Le personnel enseignant et de recherche, ainsi que le personnel administratif, vous apporteront leur expertise et leur sens du service public.La Facult\u00e9 des sciences \u00e9conomiques, commerciales et administratives, o\u00f9 vous \u00e9tudierez, fait partie de l&rsquo;Universit\u00e9 de Khemis Miliana. Vous \u00eates donc au c\u0153ur d&rsquo;une grande universit\u00e9 multidisciplinaire de plus de 21 000 \u00e9tudiants. Nous sommes convaincus que la solide r\u00e9putation de notre universit\u00e9 et ses offres acad\u00e9miques exceptionnelles vous offriront un environnement stimulant et favorable dans lequel vous pourrez prosp\u00e9rer.Nous esp\u00e9rons que votre s\u00e9jour dans notre coll\u00e8ge a \u00e9t\u00e9 une exp\u00e9rience \u00e9panouissante et transformatrice, et nous sommes honor\u00e9s de vous compter parmi les membres de notre communaut\u00e9 universitaire. Encore une fois, nous vous souhaitons la bienvenue et le meilleur pour votre parcours universitaire.Doyen : Dr. Chicha NawalCourriel : n.chicha@univ-dbkm.dzT\u00e9l\/Fax : (+213) &#8211; 27661603<\/p>\n","protected":false},"author":1,"featured_media":0,"parent":0,"menu_order":0,"comment_status":"closed","ping_status":"closed","template":"","meta":{"site-sidebar-layout":"no-sidebar","site-content-layout":"page-builder","ast-global-header-display":"","ast-main-header-display":"","ast-hfb-above-header-display":"","ast-hfb-below-header-display":"","ast-hfb-mobile-header-display":"","site-post-title":"disabled","ast-breadcrumbs-content":"","ast-featured-img":"disabled","footer-sml-layout":"","theme-transparent-header-meta":"","adv-header-id-meta":"","stick-header-meta":"","header-above-stick-meta":"","header-main-stick-meta":"","header-below-stick-meta":"","footnotes":""},"class_list":["post-2052","page","type-page","status-publish","hentry"],"rttpg_featured_image_url":null,"rttpg_author":{"display_name":"fsecsg1","author_link":"http:\/\/www.univ-dbkm.dz\/fsecsg1\/author\/oualid-bouharaoua\/"},"rttpg_comment":0,"rttpg_category":" <a href=\"http:\/\/www.univ-dbkm.dz\/fsecsg1\/fr\/\" rel=\"tag\">Fran\u00e7ais<\/a>","rttpg_excerpt":"Mot de doyen J&rsquo;ai choisi d&rsquo;\u00e9tudier \u00e0 la Facult\u00e9 des Sciences Economiques, Commerciales et Administratives, Universit\u00e9 de Djilali Bounaama \u00e0 Khemis Miliana.Au nom de tout le personnel, je vous souhaite la bienvenue parmi nous. Le personnel enseignant et de recherche, ainsi que le personnel administratif, vous apporteront leur expertise et leur sens du service public.La\u2026","_links":{"self":[{"href":"http:\/\/www.univ-dbkm.dz\/fsecsg1\/wp-json\/wp\/v2\/pages\/2052","targetHints":{"allow":["GET"]}}],"collection":[{"href":"http:\/\/www.univ-dbkm.dz\/fsecsg1\/wp-json\/wp\/v2\/pages"}],"about":[{"href":"http:\/\/www.univ-dbkm.dz\/fsecsg1\/wp-json\/wp\/v2\/types\/page"}],"author":[{"embeddable":true,"href":"http:\/\/www.univ-dbkm.dz\/fsecsg1\/wp-json\/wp\/v2\/users\/1"}],"replies":[{"embeddable":true,"href":"http:\/\/www.univ-dbkm.dz\/fsecsg1\/wp-json\/wp\/v2\/comments?post=2052"}],"version-history":[{"count":4,"href":"http:\/\/www.univ-dbkm.dz\/fsecsg1\/wp-json\/wp\/v2\/pages\/2052\/revisions"}],"predecessor-version":[{"id":2060,"href":"http:\/\/www.univ-dbkm.dz\/fsecsg1\/wp-json\/wp\/v2\/pages\/2052\/revisions\/2060"}],"wp:attachment":[{"href":"http:\/\/www.univ-dbkm.dz\/fsecsg1\/wp-json\/wp\/v2\/media?parent=2052"}],"curies":[{"name":"wp","href":"https:\/\/api.w.org\/{rel}","templated":true}]}}