{"id":2433,"date":"2023-05-08T15:46:57","date_gmt":"2023-05-08T12:46:57","guid":{"rendered":"http:\/\/www.univ-dbkm.dz\/fsecsg1\/?page_id=2433"},"modified":"2025-03-04T13:59:59","modified_gmt":"2025-03-04T10:59:59","slug":"%d8%a7%d9%84%d9%85%d8%b3%d8%aa%d9%86%d8%af%d8%a7%d8%aa-%d9%88%d8%a7%d9%84%d9%86%d9%85%d8%a7%d8%b0%d8%ac-%d9%84%d9%84%d8%aa%d8%ad%d9%85%d9%8a%d9%84-2","status":"publish","type":"page","link":"http:\/\/www.univ-dbkm.dz\/fsecsg1\/fr\/%d8%a7%d9%84%d9%85%d8%b3%d8%aa%d9%86%d8%af%d8%a7%d8%aa-%d9%88%d8%a7%d9%84%d9%86%d9%85%d8%a7%d8%b0%d8%ac-%d9%84%d9%84%d8%aa%d8%ad%d9%85%d9%8a%d9%84-2\/","title":{"rendered":"\u0627\u0644\u0645\u0633\u062a\u0646\u062f\u0627\u062a \u0648\u0627\u0644\u0646\u0645\u0627\u0630\u062c \u0644\u0644\u062a\u062d\u0645\u064a\u0644"},"content":{"rendered":"\t\t<div data-elementor-type=\"wp-page\" data-elementor-id=\"2433\" class=\"elementor elementor-2433\">\n\t\t\t\t\t\t<section class=\"elementor-section elementor-top-section elementor-element elementor-element-89cc6e3 elementor-section-height-min-height elementor-section-boxed elementor-section-height-default elementor-section-items-middle wpr-particle-no wpr-jarallax-no wpr-parallax-no wpr-sticky-section-no\" data-id=\"89cc6e3\" data-element_type=\"section\" data-settings=\"{&quot;background_background&quot;:&quot;classic&quot;}\">\n\t\t\t\t\t\t\t<div class=\"elementor-background-overlay\"><\/div>\n\t\t\t\t\t\t\t<div class=\"elementor-container elementor-column-gap-default\">\n\t\t\t\t\t<div class=\"elementor-column elementor-col-100 elementor-top-column elementor-element elementor-element-954336b\" data-id=\"954336b\" data-element_type=\"column\">\n\t\t\t<div class=\"elementor-widget-wrap elementor-element-populated\">\n\t\t\t\t\t\t<div class=\"elementor-element elementor-element-06d9fa3 elementor-widget elementor-widget-heading\" data-id=\"06d9fa3\" data-element_type=\"widget\" data-widget_type=\"heading.default\">\n\t\t\t\t<div class=\"elementor-widget-container\">\n\t\t\t\t\t<h1 class=\"elementor-heading-title elementor-size-default\">Documents et formulaires <\/h1>\t\t\t\t<\/div>\n\t\t\t\t<\/div>\n\t\t\t\t\t<\/div>\n\t\t<\/div>\n\t\t\t\t\t<\/div>\n\t\t<\/section>\n\t\t\t\t<section class=\"elementor-section elementor-top-section elementor-element elementor-element-8e3fdda elementor-section-boxed elementor-section-height-default elementor-section-height-default wpr-particle-no wpr-jarallax-no wpr-parallax-no wpr-sticky-section-no\" data-id=\"8e3fdda\" data-element_type=\"section\">\n\t\t\t\t\t\t<div class=\"elementor-container elementor-column-gap-default\">\n\t\t\t\t\t<div class=\"elementor-column elementor-col-100 elementor-top-column elementor-element elementor-element-2a01f82\" data-id=\"2a01f82\" data-element_type=\"column\">\n\t\t\t<div class=\"elementor-widget-wrap elementor-element-populated\">\n\t\t\t\t\t\t<div class=\"elementor-element elementor-element-5146e87 elementor-invisible elementor-widget elementor-widget-heading\" data-id=\"5146e87\" data-element_type=\"widget\" data-settings=\"{&quot;_animation&quot;:&quot;fadeInDown&quot;}\" data-widget_type=\"heading.default\">\n\t\t\t\t<div class=\"elementor-widget-container\">\n\t\t\t\t\t<h2 class=\"elementor-heading-title elementor-size-default\">Documents et formulaires (t\u00e9l\u00e9chargements)<\/h2>\t\t\t\t<\/div>\n\t\t\t\t<\/div>\n\t\t\t\t<div class=\"elementor-element elementor-element-23cde7c elementor-widget elementor-widget-text-editor\" data-id=\"23cde7c\" data-element_type=\"widget\" data-widget_type=\"text-editor.default\">\n\t\t\t\t<div class=\"elementor-widget-container\">\n\t\t\t\t\t\t\t\t\t<p>\u00c9tudiants internationaux, le Bureau des \u00e9tudiants \u00e9trangers de la FECMS vous assiste \u00e0 distance pour faciliter vos d\u00e9marches administratives et votre int\u00e9gration \u00e0 l&rsquo;Universit\u00e9 de Khemis Miliana. Pour toute demande d&rsquo;information, veuillez contacter le\u00a0Bureau des \u00e9tudiants \u00e9trangers\u00a0par e-mail.<\/p><p>Documents \u00e0 fournir au\u00a0Bureau des \u00e9tudiants \u00e9trangers\u00a0\u00e0 votre arriv\u00e9e<\/p><p>&#8211; Formulaire d&rsquo;inscription disponible ici<\/p><p>&#8211; Lettre d&rsquo;acceptation.<\/p><p>&#8211; Dipl\u00f4me du Baccalaur\u00e9at ou son \u00e9quivalent : copie et traduction l\u00e9galis\u00e9e.<\/p><p>&#8211; La documentation requise pour l&rsquo;acc\u00e8s \u00e0 un programme d&rsquo;\u00e9tudes comprend une copie du dipl\u00f4me de baccalaur\u00e9at et du dipl\u00f4me de ma\u00eetrise (le cas \u00e9ch\u00e9ant) du candidat, ou leur \u00e9quivalent, ainsi qu&rsquo;une traduction l\u00e9galement certifi\u00e9e.<\/p><p>&#8211; Dossiers acad\u00e9miques : copie et traduction l\u00e9galement certifi\u00e9e des \u00e9tudes termin\u00e9es.<\/p><p>&#8211; Acte de naissance \u2013 copie et traduction l\u00e9galis\u00e9e.<\/p><p>&#8211; Copie du passeport : valable au moins 6 mois.<\/p><p>&#8211; Copie de la carte d&rsquo;assur\u00e9 (Assurance maladie)<\/p><p>&#8211; 2 photographies<\/p>\t\t\t\t\t\t\t\t<\/div>\n\t\t\t\t<\/div>\n\t\t\t\t\t<\/div>\n\t\t<\/div>\n\t\t\t\t\t<\/div>\n\t\t<\/section>\n\t\t\t\t<\/div>\n\t\t","protected":false},"excerpt":{"rendered":"<p>Documents et formulaires Documents et formulaires (t\u00e9l\u00e9chargements) \u00c9tudiants internationaux, le Bureau des \u00e9tudiants \u00e9trangers de la FECMS vous assiste \u00e0 distance pour faciliter vos d\u00e9marches administratives et votre int\u00e9gration \u00e0 l&rsquo;Universit\u00e9 de Khemis Miliana. Pour toute demande d&rsquo;information, veuillez contacter le\u00a0Bureau des \u00e9tudiants \u00e9trangers\u00a0par e-mail. Documents \u00e0 fournir au\u00a0Bureau des \u00e9tudiants \u00e9trangers\u00a0\u00e0 votre arriv\u00e9e &#8211; Formulaire d&rsquo;inscription disponible ici &#8211; Lettre d&rsquo;acceptation. &#8211; Dipl\u00f4me du Baccalaur\u00e9at ou son \u00e9quivalent : copie et traduction l\u00e9galis\u00e9e. &#8211; La documentation requise pour l&rsquo;acc\u00e8s \u00e0 un programme d&rsquo;\u00e9tudes comprend une copie du dipl\u00f4me de baccalaur\u00e9at et du dipl\u00f4me de ma\u00eetrise (le cas \u00e9ch\u00e9ant) du candidat, ou leur \u00e9quivalent, ainsi qu&rsquo;une traduction l\u00e9galement certifi\u00e9e. &#8211; Dossiers acad\u00e9miques : copie et traduction l\u00e9galement certifi\u00e9e des \u00e9tudes termin\u00e9es. &#8211; Acte de naissance \u2013 copie et traduction l\u00e9galis\u00e9e. &#8211; Copie du passeport : valable au moins 6 mois. &#8211; Copie de la carte d&rsquo;assur\u00e9 (Assurance maladie) &#8211; 2 photographies<\/p>\n","protected":false},"author":1,"featured_media":0,"parent":0,"menu_order":0,"comment_status":"closed","ping_status":"closed","template":"","meta":{"site-sidebar-layout":"no-sidebar","site-content-layout":"page-builder","ast-global-header-display":"","ast-main-header-display":"","ast-hfb-above-header-display":"","ast-hfb-below-header-display":"","ast-hfb-mobile-header-display":"","site-post-title":"disabled","ast-breadcrumbs-content":"","ast-featured-img":"disabled","footer-sml-layout":"","theme-transparent-header-meta":"","adv-header-id-meta":"","stick-header-meta":"","header-above-stick-meta":"","header-main-stick-meta":"","header-below-stick-meta":"","footnotes":""},"class_list":["post-2433","page","type-page","status-publish","hentry"],"rttpg_featured_image_url":null,"rttpg_author":{"display_name":"fsecsg1","author_link":"http:\/\/www.univ-dbkm.dz\/fsecsg1\/author\/oualid-bouharaoua\/"},"rttpg_comment":0,"rttpg_category":" <a href=\"http:\/\/www.univ-dbkm.dz\/fsecsg1\/fr\/\" rel=\"tag\">Fran\u00e7ais<\/a>","rttpg_excerpt":"Documents et formulaires Documents et formulaires (t\u00e9l\u00e9chargements) \u00c9tudiants internationaux, le Bureau des \u00e9tudiants \u00e9trangers de la FECMS vous assiste \u00e0 distance pour faciliter vos d\u00e9marches administratives et votre int\u00e9gration \u00e0 l&rsquo;Universit\u00e9 de Khemis Miliana. Pour toute demande d&rsquo;information, veuillez contacter le\u00a0Bureau des \u00e9tudiants \u00e9trangers\u00a0par e-mail. Documents \u00e0 fournir au\u00a0Bureau des \u00e9tudiants \u00e9trangers\u00a0\u00e0 votre arriv\u00e9e &#8211;\u2026","_links":{"self":[{"href":"http:\/\/www.univ-dbkm.dz\/fsecsg1\/wp-json\/wp\/v2\/pages\/2433","targetHints":{"allow":["GET"]}}],"collection":[{"href":"http:\/\/www.univ-dbkm.dz\/fsecsg1\/wp-json\/wp\/v2\/pages"}],"about":[{"href":"http:\/\/www.univ-dbkm.dz\/fsecsg1\/wp-json\/wp\/v2\/types\/page"}],"author":[{"embeddable":true,"href":"http:\/\/www.univ-dbkm.dz\/fsecsg1\/wp-json\/wp\/v2\/users\/1"}],"replies":[{"embeddable":true,"href":"http:\/\/www.univ-dbkm.dz\/fsecsg1\/wp-json\/wp\/v2\/comments?post=2433"}],"version-history":[{"count":7,"href":"http:\/\/www.univ-dbkm.dz\/fsecsg1\/wp-json\/wp\/v2\/pages\/2433\/revisions"}],"predecessor-version":[{"id":3822,"href":"http:\/\/www.univ-dbkm.dz\/fsecsg1\/wp-json\/wp\/v2\/pages\/2433\/revisions\/3822"}],"wp:attachment":[{"href":"http:\/\/www.univ-dbkm.dz\/fsecsg1\/wp-json\/wp\/v2\/media?parent=2433"}],"curies":[{"name":"wp","href":"https:\/\/api.w.org\/{rel}","templated":true}]}}