{"id":3870,"date":"2025-03-04T14:26:29","date_gmt":"2025-03-04T11:26:29","guid":{"rendered":"http:\/\/www.univ-dbkm.dz\/fsecsg1\/?page_id=3870"},"modified":"2025-03-04T14:27:17","modified_gmt":"2025-03-04T11:27:17","slug":"bureau-daccueil-des-etudiants-internationaux","status":"publish","type":"page","link":"http:\/\/www.univ-dbkm.dz\/fsecsg1\/fr\/bureau-daccueil-des-etudiants-internationaux\/","title":{"rendered":"Bureau d&rsquo;accueil des \u00e9tudiants internationaux"},"content":{"rendered":"\t\t<div data-elementor-type=\"wp-page\" data-elementor-id=\"3870\" class=\"elementor elementor-3870\">\n\t\t\t\t\t\t<section class=\"elementor-section elementor-top-section elementor-element elementor-element-4a79c1b0 elementor-section-height-min-height elementor-section-boxed elementor-section-height-default elementor-section-items-middle wpr-particle-no wpr-jarallax-no wpr-parallax-no wpr-sticky-section-no\" data-id=\"4a79c1b0\" data-element_type=\"section\" data-settings=\"{&quot;background_background&quot;:&quot;classic&quot;}\">\n\t\t\t\t\t\t\t<div class=\"elementor-background-overlay\"><\/div>\n\t\t\t\t\t\t\t<div class=\"elementor-container elementor-column-gap-default\">\n\t\t\t\t\t<div class=\"elementor-column elementor-col-100 elementor-top-column elementor-element elementor-element-3962a19b\" data-id=\"3962a19b\" data-element_type=\"column\">\n\t\t\t<div class=\"elementor-widget-wrap elementor-element-populated\">\n\t\t\t\t\t\t<div class=\"elementor-element elementor-element-6d71f62e elementor-widget elementor-widget-heading\" data-id=\"6d71f62e\" data-element_type=\"widget\" data-widget_type=\"heading.default\">\n\t\t\t\t<div class=\"elementor-widget-container\">\n\t\t\t\t\t<h1 class=\"elementor-heading-title elementor-size-default\">Bureau d'accueil des \u00e9tudiants internationaux\n\n<\/h1>\t\t\t\t<\/div>\n\t\t\t\t<\/div>\n\t\t\t\t\t<\/div>\n\t\t<\/div>\n\t\t\t\t\t<\/div>\n\t\t<\/section>\n\t\t\t\t<section class=\"elementor-section elementor-top-section elementor-element elementor-element-7700aa88 elementor-section-boxed elementor-section-height-default elementor-section-height-default wpr-particle-no wpr-jarallax-no wpr-parallax-no wpr-sticky-section-no\" data-id=\"7700aa88\" data-element_type=\"section\">\n\t\t\t\t\t\t<div class=\"elementor-container elementor-column-gap-default\">\n\t\t\t\t\t<div class=\"elementor-column elementor-col-100 elementor-top-column elementor-element elementor-element-4e55607e\" data-id=\"4e55607e\" data-element_type=\"column\">\n\t\t\t<div class=\"elementor-widget-wrap elementor-element-populated\">\n\t\t\t\t\t\t<div class=\"elementor-element elementor-element-190acdfb elementor-invisible elementor-widget elementor-widget-heading\" data-id=\"190acdfb\" data-element_type=\"widget\" data-settings=\"{&quot;_animation&quot;:&quot;fadeInLeft&quot;}\" data-widget_type=\"heading.default\">\n\t\t\t\t<div class=\"elementor-widget-container\">\n\t\t\t\t\t<h2 class=\"elementor-heading-title elementor-size-default\">Bureau d'accueil des \u00e9tudiants internationaux\n\n<\/h2>\t\t\t\t<\/div>\n\t\t\t\t<\/div>\n\t\t\t\t\t<\/div>\n\t\t<\/div>\n\t\t\t\t\t<\/div>\n\t\t<\/section>\n\t\t\t\t<section class=\"elementor-section elementor-top-section elementor-element elementor-element-2c2312c9 elementor-section-boxed elementor-section-height-default elementor-section-height-default wpr-particle-no wpr-jarallax-no wpr-parallax-no wpr-sticky-section-no\" data-id=\"2c2312c9\" data-element_type=\"section\">\n\t\t\t\t\t\t<div class=\"elementor-container elementor-column-gap-default\">\n\t\t\t\t\t<div class=\"elementor-column elementor-col-100 elementor-top-column elementor-element elementor-element-5fb5f966\" data-id=\"5fb5f966\" data-element_type=\"column\">\n\t\t\t<div class=\"elementor-widget-wrap elementor-element-populated\">\n\t\t\t\t\t\t<div class=\"elementor-element elementor-element-41cb9046 elementor-invisible elementor-widget elementor-widget-text-editor\" data-id=\"41cb9046\" data-element_type=\"widget\" data-settings=\"{&quot;_animation&quot;:&quot;fadeIn&quot;}\" data-widget_type=\"text-editor.default\">\n\t\t\t\t<div class=\"elementor-widget-container\">\n\t\t\t\t\t\t\t\t\t<div class=\"flex max-w-full flex-col flex-grow\"><div class=\"min-h-8 text-message relative flex w-full flex-col items-end gap-2 whitespace-normal break-words text-start [.text-message+&amp;]:mt-5\" dir=\"auto\" data-message-author-role=\"assistant\" data-message-id=\"a2897efb-2bc7-42db-bd87-bfcdcee934c0\" data-message-model-slug=\"gpt-4o\"><div class=\"flex w-full flex-col gap-1 empty:hidden first:pt-[3px]\"><div class=\"markdown prose w-full break-words dark:prose-invert light\"><h2 data-start=\"461\" data-end=\"495\">\u00a0<\/h2><h2 data-start=\"496\" data-end=\"999\">\u00a0Prof. <strong data-start=\"540\" data-end=\"559\">Soraya SEDKAOUI<\/strong><br data-start=\"559\" data-end=\"562\" \/><strong data-start=\"562\" data-end=\"668\">Vice-doyen charg\u00e9e du post-graduation, de la recherche scientifique et des relations internationales<\/strong><br data-start=\"668\" data-end=\"671\" \/><strong data-start=\"671\" data-end=\"682\" data-is-only-node=\"\">Email :<\/strong> <a rel=\"noopener\" data-start=\"683\" data-end=\"706\">s.sedkaoui@univ-dbkm.dz<\/a> \/ <a href=\"mailto:international.students@univ-dbkm.dz\" rel=\"noopener\" data-start=\"709\" data-end=\"744\">international.students@univ-dbkm.dz<\/a><br data-start=\"744\" data-end=\"747\" \/><strong data-start=\"747\" data-end=\"760\">T\u00c9L\/FAX :<\/strong> (+213) &#8211; 27 661 603<br data-start=\"780\" data-end=\"783\" \/><strong data-start=\"783\" data-end=\"796\">Adresse :<\/strong> Facult\u00e9 des Sciences \u00c9conomiques, Commerciales et des Sciences de Gestion<br data-start=\"870\" data-end=\"873\" \/>Rue Thniet El Had, Khemis Miliana, 44225, Wilaya d&rsquo;A\u00efn Defla &#8211; Alg\u00e9rie<br data-start=\"943\" data-end=\"946\" \/><strong data-start=\"946\" data-end=\"970\">Horaires de bureau :<\/strong> 9h00 \u2013 12h00 \/ 14h00 \u2013 16h00<\/h2><\/div><\/div><\/div><\/div><div class=\"mb-2 flex gap-3 -ml-2\" tabindex=\"0\"><div class=\"items-center justify-start rounded-xl p-1 flex\"><h2 class=\"flex items-center\">\u00a0<\/h2><\/div><\/div>\t\t\t\t\t\t\t\t<\/div>\n\t\t\t\t<\/div>\n\t\t\t\t\t<\/div>\n\t\t<\/div>\n\t\t\t\t\t<\/div>\n\t\t<\/section>\n\t\t\t\t<\/div>\n\t\t","protected":false},"excerpt":{"rendered":"<p>Bureau d&rsquo;accueil des \u00e9tudiants internationaux Bureau d&rsquo;accueil des \u00e9tudiants internationaux \u00a0 \u00a0Prof. Soraya SEDKAOUIVice-doyen charg\u00e9e du post-graduation, de la recherche scientifique et des relations internationalesEmail : s.sedkaoui@univ-dbkm.dz \/ international.students@univ-dbkm.dzT\u00c9L\/FAX : (+213) &#8211; 27 661 603Adresse : Facult\u00e9 des Sciences \u00c9conomiques, Commerciales et des Sciences de GestionRue Thniet El Had, Khemis Miliana, 44225, Wilaya d&rsquo;A\u00efn Defla &#8211; Alg\u00e9rieHoraires de bureau : 9h00 \u2013 12h00 \/ 14h00 \u2013 16h00 \u00a0<\/p>\n","protected":false},"author":1,"featured_media":0,"parent":0,"menu_order":0,"comment_status":"closed","ping_status":"closed","template":"","meta":{"site-sidebar-layout":"no-sidebar","site-content-layout":"page-builder","ast-global-header-display":"","ast-main-header-display":"","ast-hfb-above-header-display":"","ast-hfb-below-header-display":"","ast-hfb-mobile-header-display":"","site-post-title":"disabled","ast-breadcrumbs-content":"","ast-featured-img":"disabled","footer-sml-layout":"","theme-transparent-header-meta":"","adv-header-id-meta":"","stick-header-meta":"","header-above-stick-meta":"","header-main-stick-meta":"","header-below-stick-meta":"","footnotes":""},"class_list":["post-3870","page","type-page","status-publish","hentry"],"rttpg_featured_image_url":null,"rttpg_author":{"display_name":"fsecsg1","author_link":"http:\/\/www.univ-dbkm.dz\/fsecsg1\/author\/oualid-bouharaoua\/"},"rttpg_comment":0,"rttpg_category":" <a href=\"http:\/\/www.univ-dbkm.dz\/fsecsg1\/fr\/\" rel=\"tag\">Fran\u00e7ais<\/a>","rttpg_excerpt":"Bureau d&rsquo;accueil des \u00e9tudiants internationaux Bureau d&rsquo;accueil des \u00e9tudiants internationaux \u00a0 \u00a0Prof. Soraya SEDKAOUIVice-doyen charg\u00e9e du post-graduation, de la recherche scientifique et des relations internationalesEmail : s.sedkaoui@univ-dbkm.dz \/ international.students@univ-dbkm.dzT\u00c9L\/FAX : (+213) &#8211; 27 661 603Adresse : Facult\u00e9 des Sciences \u00c9conomiques, Commerciales et des Sciences de GestionRue Thniet El Had, Khemis Miliana, 44225, Wilaya d&rsquo;A\u00efn Defla\u2026","_links":{"self":[{"href":"http:\/\/www.univ-dbkm.dz\/fsecsg1\/wp-json\/wp\/v2\/pages\/3870","targetHints":{"allow":["GET"]}}],"collection":[{"href":"http:\/\/www.univ-dbkm.dz\/fsecsg1\/wp-json\/wp\/v2\/pages"}],"about":[{"href":"http:\/\/www.univ-dbkm.dz\/fsecsg1\/wp-json\/wp\/v2\/types\/page"}],"author":[{"embeddable":true,"href":"http:\/\/www.univ-dbkm.dz\/fsecsg1\/wp-json\/wp\/v2\/users\/1"}],"replies":[{"embeddable":true,"href":"http:\/\/www.univ-dbkm.dz\/fsecsg1\/wp-json\/wp\/v2\/comments?post=3870"}],"version-history":[{"count":4,"href":"http:\/\/www.univ-dbkm.dz\/fsecsg1\/wp-json\/wp\/v2\/pages\/3870\/revisions"}],"predecessor-version":[{"id":3876,"href":"http:\/\/www.univ-dbkm.dz\/fsecsg1\/wp-json\/wp\/v2\/pages\/3870\/revisions\/3876"}],"wp:attachment":[{"href":"http:\/\/www.univ-dbkm.dz\/fsecsg1\/wp-json\/wp\/v2\/media?parent=3870"}],"curies":[{"name":"wp","href":"https:\/\/api.w.org\/{rel}","templated":true}]}}