{"id":5726,"date":"2025-01-07T11:24:15","date_gmt":"2025-01-07T10:24:15","guid":{"rendered":"http:\/\/www.univ-dbkm.dz\/fsminfo\/?page_id=5726"},"modified":"2025-01-16T11:00:08","modified_gmt":"2025-01-16T10:00:08","slug":"secretaire-general","status":"publish","type":"page","link":"http:\/\/www.univ-dbkm.dz\/fsminfo\/fr\/secretaire-general\/","title":{"rendered":"Secr\u00e9taire g\u00e9n\u00e9ral"},"content":{"rendered":"\t\t<div data-elementor-type=\"wp-page\" data-elementor-id=\"5726\" class=\"elementor elementor-5726\">\n\t\t\t\t<div class=\"elementor-element elementor-element-6fcf0bb6 e-flex e-con-boxed wpr-particle-no wpr-jarallax-no wpr-parallax-no wpr-sticky-section-no e-con e-parent\" data-id=\"6fcf0bb6\" data-element_type=\"container\" data-settings=\"{&quot;background_background&quot;:&quot;classic&quot;}\">\n\t\t\t\t\t<div class=\"e-con-inner\">\n\t\t\t\t<div class=\"elementor-element elementor-element-158d90c7 elementor-widget elementor-widget-heading\" data-id=\"158d90c7\" data-element_type=\"widget\" data-widget_type=\"heading.default\">\n\t\t\t\t<div class=\"elementor-widget-container\">\n\t\t\t\t\t<h1 class=\"elementor-heading-title elementor-size-default\">\u0627\u0644\u0627\u0645\u064a\u0646 \u0627\u0644\u0639\u0627\u0645<\/h1>\t\t\t\t<\/div>\n\t\t\t\t<\/div>\n\t\t\t\t\t<\/div>\n\t\t\t\t<\/div>\n\t\t<div class=\"elementor-element elementor-element-240c8bb e-flex e-con-boxed wpr-particle-no wpr-jarallax-no wpr-parallax-no wpr-sticky-section-no e-con e-parent\" data-id=\"240c8bb\" data-element_type=\"container\">\n\t\t\t\t\t<div class=\"e-con-inner\">\n\t\t<div class=\"elementor-element elementor-element-879e444 e-con-full e-flex wpr-particle-no wpr-jarallax-no wpr-parallax-no wpr-sticky-section-no e-con e-child\" data-id=\"879e444\" data-element_type=\"container\">\n\t\t\t\t<div class=\"elementor-element elementor-element-33d8ddb elementor-invisible elementor-widget elementor-widget-text-editor\" data-id=\"33d8ddb\" data-element_type=\"widget\" data-settings=\"{&quot;_animation&quot;:&quot;fadeInLeft&quot;}\" data-widget_type=\"text-editor.default\">\n\t\t\t\t<div class=\"elementor-widget-container\">\n\t\t\t\t\t\t\t\t\t<h3><strong>Secr\u00e9taire g\u00e9n\u00e9ral :<\/strong><\/h3><h3><strong>Benzerhouda hicham<\/strong><\/h3><h3><strong>E-mail :<\/strong><\/h3><h3><a href=\"mailto:sg.fsmi@univ-dbkm.dz\">sg.fsmi@univ-dbkm.dz<\/a><\/h3><h3><strong>Tel : 027\/55\/66\/96<\/strong><\/h3>\t\t\t\t\t\t\t\t<\/div>\n\t\t\t\t<\/div>\n\t\t\t\t<\/div>\n\t\t<div class=\"elementor-element elementor-element-8e10fa9 e-con-full e-flex wpr-particle-no wpr-jarallax-no wpr-parallax-no wpr-sticky-section-no e-con e-child\" data-id=\"8e10fa9\" data-element_type=\"container\">\n\t\t\t\t<div class=\"elementor-element elementor-element-ef17f94 elementor-widget elementor-widget-text-editor\" data-id=\"ef17f94\" data-element_type=\"widget\" data-widget_type=\"text-editor.default\">\n\t\t\t\t<div class=\"elementor-widget-container\">\n\t\t\t\t\t\t\t\t\t<h4><strong>T\u00e2ches <\/strong><strong>du Secr\u00e9tariat G\u00e9n\u00e9ral de la facult\u00e9 :<\/strong><\/h4><h6>Conform\u00e9ment \u00e0 la d\u00e9cision minist\u00e9rielle conjointe de 2004, qui d\u00e9termine l&rsquo;organisation administrative de la Direction de l&rsquo;Universit\u00e9, de la facult\u00e9, de l&rsquo;Institut, de l&rsquo;Attach\u00e9 de l&rsquo;Universit\u00e9 et de ses int\u00e9r\u00eats communs, le Secr\u00e9tariat g\u00e9n\u00e9ral de la facult\u00e9 s&rsquo;engage \u00e0 :<\/h6><ul><li><h6>Pr\u00e9parer le projet de plan de gestion des ressources humaines de la facult\u00e9 et veiller \u00e0 sa mise en \u0153uvre<\/h6><\/li><li><h6>G\u00e9rer le cheminement de carri\u00e8re des employ\u00e9s de la facult\u00e9.<\/h6><\/li><li><h6>Assurer la gestion et la conservation des archives et de la documentation de la facult\u00e9.<\/h6><\/li><li><h6>Pr\u00e9parer le projet de budget de la facult\u00e9 et veiller \u00e0 son ex\u00e9cution<\/h6><\/li><li><h6>Promouvoir des activit\u00e9s scientifiques, culturelles et sportives au profit des \u00e9tudiants en coordination avec les instances concern\u00e9es de la Direction de l&rsquo;Universit\u00e9<\/h6><\/li><li><h6>G\u00e9rer les moyens mobiliers et immobiliers de la facult\u00e9 et en assurer l&rsquo;entretien<\/h6><\/li><li><h6>Assurer la mise en \u0153uvre du plan de s\u00e9curit\u00e9 interne de la facult\u00e9<\/h6><\/li><\/ul><h6>Afin de pouvoir mener \u00e0 bien ses missions, le Secr\u00e9tariat G\u00e9n\u00e9ral de la facult\u00e9 comprend plusieurs services, \u00e0 savoir :<\/h6><p>\u00a0<\/p><h5><strong>Services des employ\u00e9s<\/strong><\/h5><ul><li><h6>Secction des enseignants<\/h6><\/li><li><h6>Section des employ\u00e9s et agents administratifs et techniques<\/h6><\/li><\/ul><h5><strong>Services du Budget et de la Comptabilit\u00e9<\/strong><\/h5><ul><li><h6>Section du budget<\/h6><\/li><li><h6>Section de la comptabilit\u00e9<\/h6><\/li><\/ul><h5><strong>Service des moyens et de l&rsquo;entretien<\/strong><\/h5><ul><li><h6>Section des moyens g\u00e9n\u00e9raux<\/h6><\/li><li><h6>Section de l&rsquo;entretien<\/h6><\/li><\/ul><h5><strong>Service des Activit\u00e9s Scientifiques, Culturelles et Sportives.<\/strong><\/h5>\t\t\t\t\t\t\t\t<\/div>\n\t\t\t\t<\/div>\n\t\t\t\t<\/div>\n\t\t\t\t\t<\/div>\n\t\t\t\t<\/div>\n\t\t<div class=\"elementor-element elementor-element-275147da e-flex e-con-boxed wpr-particle-no wpr-jarallax-no wpr-parallax-no wpr-sticky-section-no e-con e-parent\" data-id=\"275147da\" data-element_type=\"container\" data-settings=\"{&quot;background_background&quot;:&quot;classic&quot;}\">\n\t\t\t\t\t<div class=\"e-con-inner\">\n\t\t\t\t<div class=\"elementor-element elementor-element-3d7d5bd1 elementor-widget-divider--separator-type-pattern elementor-widget-divider--view-line elementor-widget elementor-widget-divider\" data-id=\"3d7d5bd1\" data-element_type=\"widget\" data-widget_type=\"divider.default\">\n\t\t\t\t<div class=\"elementor-widget-container\">\n\t\t\t\t\t\t\t<div class=\"elementor-divider\" style=\"--divider-pattern-url: url(&quot;data:image\/svg+xml,%3Csvg xmlns=&#039;http:\/\/www.w3.org\/2000\/svg&#039; preserveAspectRatio=&#039;none&#039; overflow=&#039;visible&#039; height=&#039;100%&#039; viewBox=&#039;0 0 24 24&#039; fill=&#039;black&#039; stroke=&#039;none&#039;%3E%3Cpath d=&#039;M12.7,2.3c-0.4-0.4-1.1-0.4-1.5,0l-8,9.1c-0.3,0.4-0.3,0.9,0,1.2l8,9.1c0.4,0.4,1.1,0.4,1.5,0l8-9.1c0.3-0.4,0.3-0.9,0-1.2L12.7,2.3z&#039;\/%3E%3C\/svg%3E&quot;);\">\n\t\t\t<span class=\"elementor-divider-separator\">\n\t\t\t\t\t\t<\/span>\n\t\t<\/div>\n\t\t\t\t\t\t<\/div>\n\t\t\t\t<\/div>\n\t\t\t\t<div class=\"elementor-element elementor-element-49cd890c elementor-widget elementor-widget-heading\" data-id=\"49cd890c\" data-element_type=\"widget\" data-widget_type=\"heading.default\">\n\t\t\t\t<div class=\"elementor-widget-container\">\n\t\t\t\t\t<h3 class=\"elementor-heading-title elementor-size-default\">\u0643\u0644\u064a\u0629 \u0639\u0644\u0648\u0645 \u0627\u0644\u0645\u0627\u062f\u0629 \u0648 \u0627\u0644\u0627\u0639\u0644\u0627\u0645 \u0627\u0644\u0627\u0644\u064a<br>\n\u0627\u0644\u0628\u0631\u064a\u062f \u0627\u0644\u0627\u0643\u062a\u0631\u0648\u0646\u064a :<br><br> \u0627\u0644\u0647\u0627\u062a\u0641\/ \u0627\u0644\u0641\u0627\u0643\u0633 :<br>\n<br>\u0627\u0644\u0639\u0646\u0648\u0627\u0646 : \u0637\u0631\u064a\u0642 \u062b\u0646\u064a\u0629 \u0627\u0644\u0627\u062d\u062f \u062e\u0645\u064a\u0633 \u0645\u0644\u064a\u0627\u0646\u0629 - 44225 -\n\u0648\u0644\u0627\u064a\u0629 \u0639\u064a\u0646 \u0627\u0644\u062f\u0641\u0644\u0649 - \u0627\u0644\u062c\u0632\u0627\u0626\u0631<\/h3>\t\t\t\t<\/div>\n\t\t\t\t<\/div>\n\t\t\t\t<div class=\"elementor-element elementor-element-33ef4d22 elementor-widget-divider--separator-type-pattern elementor-widget-divider--view-line elementor-widget elementor-widget-divider\" data-id=\"33ef4d22\" data-element_type=\"widget\" data-widget_type=\"divider.default\">\n\t\t\t\t<div class=\"elementor-widget-container\">\n\t\t\t\t\t\t\t<div class=\"elementor-divider\" style=\"--divider-pattern-url: url(&quot;data:image\/svg+xml,%3Csvg xmlns=&#039;http:\/\/www.w3.org\/2000\/svg&#039; preserveAspectRatio=&#039;none&#039; overflow=&#039;visible&#039; height=&#039;100%&#039; viewBox=&#039;0 0 24 24&#039; fill=&#039;black&#039; stroke=&#039;none&#039;%3E%3Cpath d=&#039;M12.7,2.3c-0.4-0.4-1.1-0.4-1.5,0l-8,9.1c-0.3,0.4-0.3,0.9,0,1.2l8,9.1c0.4,0.4,1.1,0.4,1.5,0l8-9.1c0.3-0.4,0.3-0.9,0-1.2L12.7,2.3z&#039;\/%3E%3C\/svg%3E&quot;);\">\n\t\t\t<span class=\"elementor-divider-separator\">\n\t\t\t\t\t\t<\/span>\n\t\t<\/div>\n\t\t\t\t\t\t<\/div>\n\t\t\t\t<\/div>\n\t\t\t\t\t<\/div>\n\t\t\t\t<\/div>\n\t\t\t\t<\/div>\n\t\t","protected":false},"excerpt":{"rendered":"<p>\u0627\u0644\u0627\u0645\u064a\u0646 \u0627\u0644\u0639\u0627\u0645 Secr\u00e9taire g\u00e9n\u00e9ral : Benzerhouda hicham E-mail : sg.fsmi@univ-dbkm.dz Tel : 027\/55\/66\/96 T\u00e2ches du Secr\u00e9tariat G\u00e9n\u00e9ral de la facult\u00e9 : Conform\u00e9ment \u00e0 la d\u00e9cision minist\u00e9rielle conjointe de 2004, qui d\u00e9termine l&rsquo;organisation administrative de la Direction de l&rsquo;Universit\u00e9, de la facult\u00e9, de l&rsquo;Institut, de l&rsquo;Attach\u00e9 de l&rsquo;Universit\u00e9 et de ses int\u00e9r\u00eats communs, le Secr\u00e9tariat g\u00e9n\u00e9ral de la facult\u00e9 s&rsquo;engage \u00e0 : Pr\u00e9parer le projet de plan de gestion des ressources humaines de la facult\u00e9 et veiller \u00e0 sa mise en \u0153uvre G\u00e9rer le cheminement de carri\u00e8re des employ\u00e9s de la facult\u00e9. Assurer la gestion et la conservation des archives et de la documentation de la facult\u00e9. Pr\u00e9parer le projet de budget de la facult\u00e9 et veiller \u00e0 son ex\u00e9cution Promouvoir des activit\u00e9s scientifiques, culturelles et sportives au profit des \u00e9tudiants en coordination avec les instances concern\u00e9es de la Direction de l&rsquo;Universit\u00e9 G\u00e9rer les moyens mobiliers et immobiliers de la facult\u00e9 et en assurer l&rsquo;entretien Assurer la mise en \u0153uvre du plan de s\u00e9curit\u00e9 interne de la facult\u00e9 Afin de pouvoir mener \u00e0 bien ses missions, le Secr\u00e9tariat G\u00e9n\u00e9ral de la facult\u00e9 comprend plusieurs services, \u00e0 savoir : \u00a0 Services des employ\u00e9s Secction des enseignants Section des employ\u00e9s et agents administratifs et techniques Services du Budget et de la Comptabilit\u00e9 Section du budget Section de la comptabilit\u00e9 Service des moyens et de l&rsquo;entretien Section des moyens g\u00e9n\u00e9raux Section de l&rsquo;entretien Service des Activit\u00e9s Scientifiques, Culturelles et Sportives. \u0643\u0644\u064a\u0629 \u0639\u0644\u0648\u0645 \u0627\u0644\u0645\u0627\u062f\u0629 \u0648 \u0627\u0644\u0627\u0639\u0644\u0627\u0645 \u0627\u0644\u0627\u0644\u064a \u0627\u0644\u0628\u0631\u064a\u062f \u0627\u0644\u0627\u0643\u062a\u0631\u0648\u0646\u064a : \u0627\u0644\u0647\u0627\u062a\u0641\/ \u0627\u0644\u0641\u0627\u0643\u0633 : \u0627\u0644\u0639\u0646\u0648\u0627\u0646 : \u0637\u0631\u064a\u0642 \u062b\u0646\u064a\u0629 \u0627\u0644\u0627\u062d\u062f \u062e\u0645\u064a\u0633 \u0645\u0644\u064a\u0627\u0646\u0629 &#8211; 44225 &#8211; \u0648\u0644\u0627\u064a\u0629 \u0639\u064a\u0646 \u0627\u0644\u062f\u0641\u0644\u0649 &#8211; \u0627\u0644\u062c\u0632\u0627\u0626\u0631<\/p>\n","protected":false},"author":1,"featured_media":0,"parent":0,"menu_order":0,"comment_status":"closed","ping_status":"closed","template":"","meta":{"_uag_custom_page_level_css":"","site-sidebar-layout":"no-sidebar","site-content-layout":"page-builder","ast-site-content-layout":"full-width-container","site-content-style":"unboxed","site-sidebar-style":"unboxed","ast-global-header-display":"","ast-banner-title-visibility":"","ast-main-header-display":"","ast-hfb-above-header-display":"","ast-hfb-below-header-display":"","ast-hfb-mobile-header-display":"","site-post-title":"disabled","ast-breadcrumbs-content":"","ast-featured-img":"disabled","footer-sml-layout":"","theme-transparent-header-meta":"","adv-header-id-meta":"","stick-header-meta":"","header-above-stick-meta":"","header-main-stick-meta":"","header-below-stick-meta":"","astra-migrate-meta-layouts":"set","ast-page-background-enabled":"default","ast-page-background-meta":{"desktop":{"background-color":"var(--ast-global-color-4)","background-image":"","background-repeat":"repeat","background-position":"center center","background-size":"auto","background-attachment":"scroll","background-type":"","background-media":"","overlay-type":"","overlay-color":"","overlay-gradient":""},"tablet":{"background-color":"","background-image":"","background-repeat":"repeat","background-position":"center center","background-size":"auto","background-attachment":"scroll","background-type":"","background-media":"","overlay-type":"","overlay-color":"","overlay-gradient":""},"mobile":{"background-color":"","background-image":"","background-repeat":"repeat","background-position":"center center","background-size":"auto","background-attachment":"scroll","background-type":"","background-media":"","overlay-type":"","overlay-color":"","overlay-gradient":""}},"ast-content-background-meta":{"desktop":{"background-color":"var(--ast-global-color-5)","background-image":"","background-repeat":"repeat","background-position":"center center","background-size":"auto","background-attachment":"scroll","background-type":"","background-media":"","overlay-type":"","overlay-color":"","overlay-gradient":""},"tablet":{"background-color":"var(--ast-global-color-5)","background-image":"","background-repeat":"repeat","background-position":"center center","background-size":"auto","background-attachment":"scroll","background-type":"","background-media":"","overlay-type":"","overlay-color":"","overlay-gradient":""},"mobile":{"background-color":"var(--ast-global-color-5)","background-image":"","background-repeat":"repeat","background-position":"center center","background-size":"auto","background-attachment":"scroll","background-type":"","background-media":"","overlay-type":"","overlay-color":"","overlay-gradient":""}},"footnotes":""},"class_list":["post-5726","page","type-page","status-publish","hentry"],"uagb_featured_image_src":{"full":false,"thumbnail":false,"medium":false,"medium_large":false,"large":false,"1536x1536":false,"2048x2048":false},"uagb_author_info":{"display_name":"fsminfo","author_link":"http:\/\/www.univ-dbkm.dz\/fsminfo\/author\/fsminfo\/"},"uagb_comment_info":0,"uagb_excerpt":"\u0627\u0644\u0627\u0645\u064a\u0646 \u0627\u0644\u0639\u0627\u0645 Secr\u00e9taire g\u00e9n\u00e9ral : Benzerhouda hicham E-mail : sg.fsmi@univ-dbkm.dz Tel : 027\/55\/66\/96 T\u00e2ches du Secr\u00e9tariat G\u00e9n\u00e9ral de la facult\u00e9 : Conform\u00e9ment \u00e0 la d\u00e9cision minist\u00e9rielle conjointe de 2004, qui d\u00e9termine l&rsquo;organisation administrative de la Direction de l&rsquo;Universit\u00e9, de la facult\u00e9, de l&rsquo;Institut, de l&rsquo;Attach\u00e9 de l&rsquo;Universit\u00e9 et de ses int\u00e9r\u00eats communs, le Secr\u00e9tariat g\u00e9n\u00e9ral\u2026","_links":{"self":[{"href":"http:\/\/www.univ-dbkm.dz\/fsminfo\/wp-json\/wp\/v2\/pages\/5726","targetHints":{"allow":["GET"]}}],"collection":[{"href":"http:\/\/www.univ-dbkm.dz\/fsminfo\/wp-json\/wp\/v2\/pages"}],"about":[{"href":"http:\/\/www.univ-dbkm.dz\/fsminfo\/wp-json\/wp\/v2\/types\/page"}],"author":[{"embeddable":true,"href":"http:\/\/www.univ-dbkm.dz\/fsminfo\/wp-json\/wp\/v2\/users\/1"}],"replies":[{"embeddable":true,"href":"http:\/\/www.univ-dbkm.dz\/fsminfo\/wp-json\/wp\/v2\/comments?post=5726"}],"version-history":[{"count":7,"href":"http:\/\/www.univ-dbkm.dz\/fsminfo\/wp-json\/wp\/v2\/pages\/5726\/revisions"}],"predecessor-version":[{"id":6181,"href":"http:\/\/www.univ-dbkm.dz\/fsminfo\/wp-json\/wp\/v2\/pages\/5726\/revisions\/6181"}],"wp:attachment":[{"href":"http:\/\/www.univ-dbkm.dz\/fsminfo\/wp-json\/wp\/v2\/media?parent=5726"}],"curies":[{"name":"wp","href":"https:\/\/api.w.org\/{rel}","templated":true}]}}