{"id":1896,"date":"2023-06-05T16:31:05","date_gmt":"2023-06-05T13:31:05","guid":{"rendered":"http:\/\/www.univ-dbkm.dz\/fssh1\/?page_id=1896"},"modified":"2025-04-07T16:49:24","modified_gmt":"2025-04-07T13:49:24","slug":"offres-de-formation","status":"publish","type":"page","link":"http:\/\/www.univ-dbkm.dz\/fssh1\/fr\/offres-de-formation\/","title":{"rendered":"Offres de formation"},"content":{"rendered":"\t\t<div data-elementor-type=\"wp-page\" data-elementor-id=\"1896\" class=\"elementor elementor-1896\">\n\t\t\t\t\t\t<section class=\"elementor-section elementor-top-section elementor-element elementor-element-0a54c8a elementor-section-boxed elementor-section-height-default elementor-section-height-default wpr-particle-no wpr-jarallax-no wpr-parallax-no wpr-sticky-section-no\" data-id=\"0a54c8a\" data-element_type=\"section\">\n\t\t\t\t\t\t<div class=\"elementor-container elementor-column-gap-default\">\n\t\t\t\t\t<div class=\"elementor-column elementor-col-100 elementor-top-column elementor-element elementor-element-83eb788\" data-id=\"83eb788\" data-element_type=\"column\">\n\t\t\t<div class=\"elementor-widget-wrap elementor-element-populated\">\n\t\t\t\t\t\t<div class=\"elementor-element elementor-element-23e4470 elementor-widget elementor-widget-heading\" data-id=\"23e4470\" data-element_type=\"widget\" data-widget_type=\"heading.default\">\n\t\t\t\t<div class=\"elementor-widget-container\">\n\t\t\t\t\t<h2 class=\"elementor-heading-title elementor-size-default\">Offres de Formation<\/h2>\t\t\t\t<\/div>\n\t\t\t\t<\/div>\n\t\t\t\t\t<\/div>\n\t\t<\/div>\n\t\t\t\t\t<\/div>\n\t\t<\/section>\n\t\t\t\t<section class=\"elementor-section elementor-top-section elementor-element elementor-element-1a60d4c elementor-section-boxed elementor-section-height-default elementor-section-height-default wpr-particle-no wpr-jarallax-no wpr-parallax-no wpr-sticky-section-no\" data-id=\"1a60d4c\" data-element_type=\"section\">\n\t\t\t\t\t\t<div class=\"elementor-container elementor-column-gap-default\">\n\t\t\t\t\t<div class=\"elementor-column elementor-col-100 elementor-top-column elementor-element elementor-element-6c310b2\" data-id=\"6c310b2\" data-element_type=\"column\">\n\t\t\t<div class=\"elementor-widget-wrap elementor-element-populated\">\n\t\t\t\t\t\t<div class=\"elementor-element elementor-element-29ae1ba elementor-widget elementor-widget-text-editor\" data-id=\"29ae1ba\" data-element_type=\"widget\" data-widget_type=\"text-editor.default\">\n\t\t\t\t<div class=\"elementor-widget-container\">\n\t\t\t\t\t\t\t\t\t<table><tbody><tr><td width=\"123\"><p><b>Fili\u00e8re<\/b><\/p><\/td><td width=\"123\"><p><strong>Domaine<\/strong><\/p><\/td><td width=\"123\"><p><strong>Licence (Bachlor)<\/strong><\/p><\/td><td width=\"149\"><p><strong>Master<\/strong><\/p><\/td><td width=\"97\"><p><strong>Phd<\/strong><\/p><\/td><\/tr><tr><td rowspan=\"4\" width=\"123\"><p>Sciences Sociale<\/p><\/td><td width=\"123\"><p>Sociologie<\/p><\/td><td width=\"123\"><a href=\"http:\/\/www.univ-dbkm.dz\/fssh1\/wp-content\/uploads\/2025\/03\/Speciality_General_Sociology\u0639_\u0644-1.pdf\">Sociologie G\u00e9nerale<\/a><\/td><td width=\"149\"><p>&#8211;<a href=\"http:\/\/www.univ-dbkm.dz\/fssh1\/wp-content\/uploads\/2025\/03\/Sociology_of_delinquency_and_crime-\u0641.pdf\">Sociologie de la D\u00e9viance et Crime<\/a><\/p><p><a href=\"http:\/\/www.univ-dbkm.dz\/fssh1\/wp-content\/uploads\/2025\/03\/Sociology-of-organization-and-work.pdf\">-Sociology of organization and work<\/a><\/p><\/td><td width=\"97\"><p><a href=\"http:\/\/www.univ-dbkm.dz\/fssh1\/wp-content\/uploads\/2025\/03\/SIC-SOS-SE-1.pdf\">-Sociologie de la D\u00e9viance et Crime<\/a><\/p><p><a href=\"http:\/\/www.univ-dbkm.dz\/fssh1\/wp-content\/uploads\/2025\/03\/SIC-SOS-SE.pdf\">-Sciences de Sociologie et Education<\/a><\/p><\/td><\/tr><tr><td rowspan=\"2\" width=\"123\"><p>Philosophie<\/p><\/td><td rowspan=\"2\" width=\"123\"><a href=\"http:\/\/www.univ-dbkm.dz\/fssh1\/wp-content\/uploads\/2025\/03\/Speciality_General_Philosophy\u0644-\u0641-1.pdf\">Philosophie Generale<\/a><\/td><td width=\"149\"><a href=\"http:\/\/www.univ-dbkm.dz\/fssh1\/wp-content\/uploads\/2025\/03\/Speciality_Applied_Philosophy\u0641-\u062a-\u0641\u0631\u0646\u0633\u064a\u0629.pdf\">Philosophie Appliqu\u00e9e<\/a><\/td><td rowspan=\"2\" width=\"97\"><p><a href=\"http:\/\/www.univ-dbkm.dz\/fssh1\/wp-content\/uploads\/2025\/03\/Philosophe.pdf\">&#8211; <\/a><a href=\"http:\/\/www.univ-dbkm.dz\/fssh1\/wp-content\/uploads\/2025\/03\/Philosophe.pdf\">Philosophie Appliqu\u00e9e<\/a><\/p><p><a href=\"http:\/\/www.univ-dbkm.dz\/fssh1\/wp-content\/uploads\/2025\/03\/Philosophe.pdf\">&#8211; <\/a><a href=\"http:\/\/www.univ-dbkm.dz\/fssh1\/wp-content\/uploads\/2025\/03\/Philosophe.pdf\">Philosophie Generale<\/a><\/p><p><a href=\"http:\/\/www.univ-dbkm.dz\/fssh1\/wp-content\/uploads\/2025\/03\/Philosophe.pdf\">&#8211;<\/a><a href=\"http:\/\/www.univ-dbkm.dz\/fssh1\/wp-content\/uploads\/2025\/03\/Philosophe.pdf\">Philosophie des Sciences Humaines\u00a0<\/a><\/p><\/td><\/tr><tr><td width=\"149\"><p><a href=\"http:\/\/www.univ-dbkm.dz\/fssh1\/wp-content\/uploads\/2025\/03\/Speciality_Arab-Islamic_Philosophy\u0641-\u0639-\u0641\u0631\u0646\u0633\u064a\u0629.pdf\">-Philosophie arabo-islamic<\/a><\/p><p><a href=\"http:\/\/www.univ-dbkm.dz\/fssh1\/wp-content\/uploads\/2025\/03\/General-Philosophy.pdf\">-General Philosophy<\/a><\/p><\/td><\/tr><tr><td width=\"123\"><p>Sciences\u00a0 Education<\/p><\/td><td width=\"123\"><p><a href=\"http:\/\/www.univ-dbkm.dz\/fssh1\/wp-content\/uploads\/2023\/06\/Counseling_et_Orientation\u0625_-\u0644.pdf\">&#8211;<\/a><a href=\"http:\/\/www.univ-dbkm.dz\/fssh1\/wp-content\/uploads\/2025\/03\/Counseling_et_Orientation\u0625_-\u0644-1\u0641\u0631\u0646\u0633\u064a\u0629-1.pdf\">Conseil et orientation<\/a><\/p><p><a href=\"http:\/\/www.univ-dbkm.dz\/fssh1\/wp-content\/uploads\/2025\/03\/Teaching-Uni1-Clinic-1.pdf\">&#8211;<\/a><a href=\"http:\/\/www.univ-dbkm.dz\/fssh1\/wp-content\/uploads\/2025\/03\/fr-ar-\u0639\u0644\u0645-\u0627\u0644\u0646\u0641\u0633-\u0627\u0644\u0639\u064a\u0627\u062f\u064a.pdf\">Psychologie clinique<\/a><\/p><p>&#8211;<a href=\"http:\/\/www.univ-dbkm.dz\/fssh1\/wp-content\/uploads\/2025\/03\/fr-ar-\u0627\u0631\u0637\u0648\u0641\u0648\u0646\u064a\u0627.pdf\">Ortophonie<\/a><\/p><\/td><td width=\"149\"><p><a href=\"http:\/\/www.univ-dbkm.dz\/fssh1\/wp-content\/uploads\/2023\/06\/Speciality_Counseling__Guidance_Master\u0625-\u0645.pdf\">&#8211;<\/a><a href=\"http:\/\/www.univ-dbkm.dz\/fssh1\/wp-content\/uploads\/2025\/03\/Speciality_Counseling__Guidance_Master\u0625-\u0645-\u0641\u0631\u0646\u0633\u064a\u0629.pdf\">Conseil et Orientation<\/a><\/p><p><a href=\"http:\/\/www.univ-dbkm.dz\/fssh1\/wp-content\/uploads\/2025\/03\/SPECIAL-EDUCATION.pdf\">&#8211;<\/a><a href=\"http:\/\/www.univ-dbkm.dz\/fssh1\/wp-content\/uploads\/2025\/03\/SPECIAL-EDUCATION.pdf\">Special Education<\/a><\/p><\/td><td width=\"97\"><p><a href=\"http:\/\/www.univ-dbkm.dz\/fssh1\/wp-content\/uploads\/2025\/03\/Histoire-SE.pdf\">&#8211;<\/a><a href=\"http:\/\/www.univ-dbkm.dz\/fssh1\/wp-content\/uploads\/2025\/03\/Histoire-SE.pdf\">Conseil et Orientation<\/a><\/p><p><a href=\"http:\/\/www.univ-dbkm.dz\/fssh1\/wp-content\/uploads\/2025\/03\/Histoire-SE.pdf\">&#8211;<\/a><a href=\"http:\/\/www.univ-dbkm.dz\/fssh1\/wp-content\/uploads\/2025\/03\/Histoire-SE.pdf\">Psychologie de l&rsquo;Education<\/a><\/p><p><a href=\"http:\/\/www.univ-dbkm.dz\/fssh1\/wp-content\/uploads\/2025\/03\/Histoire-SE.pdf\">&#8211;<\/a><a href=\"http:\/\/www.univ-dbkm.dz\/fssh1\/wp-content\/uploads\/2025\/03\/Histoire-SE.pdf\">Psychologie Scolaire<\/a><\/p><\/td><\/tr><tr><td rowspan=\"6\" width=\"123\"><p>Sciences Humaine<\/p><\/td><td width=\"123\"><p>Technologie de l\u2019information et documentation<\/p><\/td><td width=\"123\"><p><a href=\"http:\/\/www.univ-dbkm.dz\/fssh1\/wp-content\/uploads\/2025\/03\/\u062a\u0643\u0646\u0648\u0644\u0648\u062c\u064a\u0627-\u0627\u0644\u0645\u0639\u0644\u0648\u0645\u0627\u062a-\u0648\u0627\u0644\u062a\u0648\u062b\u064a\u0642-ang-fr.pdf\">-Technologie de l\u2019information et documentation<\/a><\/p><p><a href=\"http:\/\/www.univ-dbkm.dz\/fssh1\/wp-content\/uploads\/2025\/04\/Archival-Sciences.pdf\">-Archivistique<\/a><\/p><\/td><td width=\"149\"><p><a href=\"http:\/\/www.univ-dbkm.dz\/fssh1\/wp-content\/uploads\/2023\/06\/Management_of_documentary_institutions_and_libraries.pdf\">Management of documentary institutions and libraries<\/a><\/p><p>\u00a0<\/p><\/td><td width=\"97\">\u00a0<\/td><\/tr><tr><td rowspan=\"3\" width=\"123\"><p>Histoire<\/p><\/td><td rowspan=\"3\" width=\"123\"><a href=\"http:\/\/www.univ-dbkm.dz\/fssh1\/wp-content\/uploads\/2023\/06\/General_History.pdf\">Histoire G\u00e9nerale<\/a><\/td><td width=\"149\"><p><a href=\"http:\/\/www.univ-dbkm.dz\/fssh1\/wp-content\/uploads\/2023\/06\/Speciality_History_of_Resistance_and_National_Movement.pdf\">-Histoire de la R\u00e9sistance et du Mouvement National<\/a><\/p><\/td><td rowspan=\"3\" width=\"97\"><p>-Histoire de la R\u00e9volution Alg\u00e9rienne 1954-1962<\/p><p>&#8211;<a href=\"http:\/\/www.univ-dbkm.dz\/fssh1\/wp-content\/uploads\/2025\/03\/hitoire-midienne.pdf\">Le R\u00f4le Culturel de l\u2019Alg\u00e9rie au Moyen et Moderne<\/a><\/p><p>&#8211;<a href=\"http:\/\/www.univ-dbkm.dz\/fssh1\/wp-content\/uploads\/2025\/03\/Histoire-General.pdf\">Histoire G\u00e9nerale<\/a><\/p><p>&#8211;<a href=\"http:\/\/www.univ-dbkm.dz\/fssh1\/wp-content\/uploads\/2025\/03\/Histoire-SE.pdf\">Histoire de l\u2019Alg\u00e9rie \u00e0 l\u2019Epoque Moderne<\/a><\/p><p>&#8211;<a href=\"http:\/\/www.univ-dbkm.dz\/fssh1\/wp-content\/uploads\/2025\/03\/Histoire-SE.pdf\">Histoire Interm\u00e9diaire<\/a><\/p><p>&#8211;<a href=\"http:\/\/www.univ-dbkm.dz\/fssh1\/wp-content\/uploads\/2025\/03\/Histoire-SE.pdf\">Histoire Contemporaine de l\u2019Alg\u00e9rie<\/a><\/p><\/td><\/tr><tr><td width=\"149\"><a href=\"http:\/\/www.univ-dbkm.dz\/fssh1\/wp-content\/uploads\/2023\/06\/Speciality_History_of_Sub-Saharian_Africa.pdf\">Histoire de l\u2019Afrique Sub-Saharienne<\/a><\/td><\/tr><tr><td width=\"149\"><p>&#8211;<a href=\"http:\/\/www.univ-dbkm.dz\/fssh1\/wp-content\/uploads\/2023\/06\/Speciality_Modern_History.pdf\">\u00a0Histoire Moderne<\/a><\/p><p>-Histoire de l\u2019Occident Islamique au Moyen \u00c2ge<\/p><\/td><\/tr><tr><td rowspan=\"2\" width=\"123\"><p>Sciences d&rsquo; Information et Communication<\/p><\/td><td width=\"123\"><a href=\"http:\/\/www.univ-dbkm.dz\/fssh1\/wp-content\/uploads\/2025\/03\/licence-information.pdf\">Information<\/a><\/td><td width=\"149\"><a href=\"http:\/\/www.univ-dbkm.dz\/fssh1\/wp-content\/uploads\/2023\/06\/Master_Speciality_Mass_Communication_and_New_Media.pdf\">Mass Communication et Nouveau Media<\/a><\/td><td rowspan=\"2\" width=\"97\"><a href=\"http:\/\/www.univ-dbkm.dz\/fssh1\/wp-content\/uploads\/2025\/03\/SIC-SOS-SE.pdf\">-Communication et Nouveau Media<\/a><br \/><a href=\"http:\/\/www.univ-dbkm.dz\/fssh1\/wp-content\/uploads\/2025\/03\/SIC-SOS-SE.pdf\">-Communication et Relations public<\/a><\/td><\/tr><tr><td width=\"123\"><a href=\"http:\/\/www.univ-dbkm.dz\/fssh1\/wp-content\/uploads\/2023\/06\/Speciality_Communication_lic.pdf\">Communication<\/a><\/td><td width=\"149\"><p><a href=\"http:\/\/www.univ-dbkm.dz\/fssh1\/wp-content\/uploads\/2023\/06\/Master_Speciality_Communication_and_Public_Relations.pdf\">-Communication et Relations public<\/a><\/p><p>-Audiovisual<\/p><\/td><\/tr><\/tbody><\/table>\t\t\t\t\t\t\t\t<\/div>\n\t\t\t\t<\/div>\n\t\t\t\t<div class=\"elementor-element elementor-element-bc275fb elementor-align-center elementor-widget elementor-widget-button\" data-id=\"bc275fb\" data-element_type=\"widget\" data-widget_type=\"button.default\">\n\t\t\t\t<div class=\"elementor-widget-container\">\n\t\t\t\t\t\t\t\t\t<div class=\"elementor-button-wrapper\">\n\t\t\t\t\t<a class=\"elementor-button elementor-button-link elementor-size-sm\" href=\"#\">\n\t\t\t\t\t\t<span class=\"elementor-button-content-wrapper\">\n\t\t\t\t\t\t\t\t\t<span class=\"elementor-button-text\">Pour les r\u00e9sultats du recrutement de la Facult\u00e9<\/span>\n\t\t\t\t\t<\/span>\n\t\t\t\t\t<\/a>\n\t\t\t\t<\/div>\n\t\t\t\t\t\t\t\t<\/div>\n\t\t\t\t<\/div>\n\t\t\t\t<div class=\"elementor-element elementor-element-e1c9470 elementor-widget elementor-widget-text-editor\" data-id=\"e1c9470\" data-element_type=\"widget\" data-widget_type=\"text-editor.default\">\n\t\t\t\t<div class=\"elementor-widget-container\">\n\t\t\t\t\t\t\t\t\t<h2 style=\"text-align: center;\"><strong><span style=\"color: #0000ff;\"><a style=\"color: #0000ff;\" href=\"http:\/\/www.univ-dbkm.dz\/fssh1\/wp-content\/uploads\/2025\/03\/Extrants-de-recrutement.pdf\">Cliquez ici <\/a><\/span><\/strong><\/h2>\t\t\t\t\t\t\t\t<\/div>\n\t\t\t\t<\/div>\n\t\t\t\t\t<\/div>\n\t\t<\/div>\n\t\t\t\t\t<\/div>\n\t\t<\/section>\n\t\t\t\t<\/div>\n\t\t","protected":false},"excerpt":{"rendered":"<p>Offres de Formation Fili\u00e8re Domaine Licence (Bachlor) Master Phd Sciences Sociale Sociologie Sociologie G\u00e9nerale &#8211;Sociologie de la D\u00e9viance et Crime -Sociology of organization and work -Sociologie de la D\u00e9viance et Crime -Sciences de Sociologie et Education Philosophie Philosophie Generale Philosophie Appliqu\u00e9e &#8211; Philosophie Appliqu\u00e9e &#8211; Philosophie Generale &#8211;Philosophie des Sciences Humaines\u00a0 -Philosophie arabo-islamic -General Philosophy Sciences\u00a0 Education &#8211;Conseil et orientation &#8211;Psychologie clinique &#8211;Ortophonie &#8211;Conseil et Orientation &#8211;Special Education &#8211;Conseil et Orientation &#8211;Psychologie de l&rsquo;Education &#8211;Psychologie Scolaire Sciences Humaine Technologie de l\u2019information et documentation -Technologie de l\u2019information et documentation -Archivistique Management of documentary institutions and libraries \u00a0 \u00a0 Histoire Histoire G\u00e9nerale -Histoire de la R\u00e9sistance et du Mouvement National -Histoire de la R\u00e9volution Alg\u00e9rienne 1954-1962 &#8211;Le R\u00f4le Culturel de l\u2019Alg\u00e9rie au Moyen et Moderne &#8211;Histoire G\u00e9nerale &#8211;Histoire de l\u2019Alg\u00e9rie \u00e0 l\u2019Epoque Moderne &#8211;Histoire Interm\u00e9diaire &#8211;Histoire Contemporaine de l\u2019Alg\u00e9rie Histoire de l\u2019Afrique Sub-Saharienne &#8211;\u00a0Histoire Moderne -Histoire de l\u2019Occident Islamique au Moyen \u00c2ge Sciences d&rsquo; Information et Communication Information Mass Communication et Nouveau Media -Communication et Nouveau Media-Communication et Relations public Communication -Communication et Relations public -Audiovisual Pour les r\u00e9sultats du recrutement de la Facult\u00e9 Cliquez ici<\/p>\n","protected":false},"author":1,"featured_media":0,"parent":0,"menu_order":0,"comment_status":"closed","ping_status":"closed","template":"","meta":{"site-sidebar-layout":"no-sidebar","site-content-layout":"page-builder","ast-global-header-display":"","ast-main-header-display":"","ast-hfb-above-header-display":"","ast-hfb-below-header-display":"","ast-hfb-mobile-header-display":"","site-post-title":"disabled","ast-breadcrumbs-content":"","ast-featured-img":"disabled","footer-sml-layout":"","theme-transparent-header-meta":"","adv-header-id-meta":"","stick-header-meta":"","header-above-stick-meta":"","header-main-stick-meta":"","header-below-stick-meta":"","footnotes":""},"class_list":["post-1896","page","type-page","status-publish","hentry"],"rttpg_featured_image_url":null,"rttpg_author":{"display_name":"fssh1","author_link":"http:\/\/www.univ-dbkm.dz\/fssh1\/author\/fssh1\/"},"rttpg_comment":0,"rttpg_category":" <a href=\"http:\/\/www.univ-dbkm.dz\/fssh1\/fr\/\" rel=\"tag\">Fran\u00e7ais<\/a>","rttpg_excerpt":"Offres de Formation Fili\u00e8re Domaine Licence (Bachlor) Master Phd Sciences Sociale Sociologie Sociologie G\u00e9nerale &#8211;Sociologie de la D\u00e9viance et Crime -Sociology of organization and work -Sociologie de la D\u00e9viance et Crime -Sciences de Sociologie et Education Philosophie Philosophie Generale Philosophie Appliqu\u00e9e &#8211; Philosophie Appliqu\u00e9e &#8211; Philosophie Generale &#8211;Philosophie des Sciences Humaines\u00a0 -Philosophie arabo-islamic -General Philosophy\u2026","_links":{"self":[{"href":"http:\/\/www.univ-dbkm.dz\/fssh1\/wp-json\/wp\/v2\/pages\/1896","targetHints":{"allow":["GET"]}}],"collection":[{"href":"http:\/\/www.univ-dbkm.dz\/fssh1\/wp-json\/wp\/v2\/pages"}],"about":[{"href":"http:\/\/www.univ-dbkm.dz\/fssh1\/wp-json\/wp\/v2\/types\/page"}],"author":[{"embeddable":true,"href":"http:\/\/www.univ-dbkm.dz\/fssh1\/wp-json\/wp\/v2\/users\/1"}],"replies":[{"embeddable":true,"href":"http:\/\/www.univ-dbkm.dz\/fssh1\/wp-json\/wp\/v2\/comments?post=1896"}],"version-history":[{"count":34,"href":"http:\/\/www.univ-dbkm.dz\/fssh1\/wp-json\/wp\/v2\/pages\/1896\/revisions"}],"predecessor-version":[{"id":3996,"href":"http:\/\/www.univ-dbkm.dz\/fssh1\/wp-json\/wp\/v2\/pages\/1896\/revisions\/3996"}],"wp:attachment":[{"href":"http:\/\/www.univ-dbkm.dz\/fssh1\/wp-json\/wp\/v2\/media?parent=1896"}],"curies":[{"name":"wp","href":"https:\/\/api.w.org\/{rel}","templated":true}]}}