{"id":4692,"date":"2025-03-06T12:32:09","date_gmt":"2025-03-06T09:32:09","guid":{"rendered":"http:\/\/www.univ-dbkm.dz\/fst1\/?page_id=4692"},"modified":"2025-03-25T08:20:24","modified_gmt":"2025-03-25T05:20:24","slug":"impression","status":"publish","type":"page","link":"http:\/\/www.univ-dbkm.dz\/fst1\/fr\/impression\/","title":{"rendered":"impression"},"content":{"rendered":"\t\t<div data-elementor-type=\"wp-page\" data-elementor-id=\"4692\" class=\"elementor elementor-4692\">\n\t\t\t\t\t\t<section class=\"elementor-section elementor-top-section elementor-element elementor-element-cc499a2 elementor-section-boxed elementor-section-height-default elementor-section-height-default wpr-particle-no wpr-jarallax-no wpr-parallax-no wpr-sticky-section-no\" data-id=\"cc499a2\" data-element_type=\"section\">\n\t\t\t\t\t\t<div class=\"elementor-container elementor-column-gap-default\">\n\t\t\t\t\t<div class=\"elementor-column elementor-col-100 elementor-top-column elementor-element elementor-element-e7c9980\" data-id=\"e7c9980\" data-element_type=\"column\">\n\t\t\t<div class=\"elementor-widget-wrap elementor-element-populated\">\n\t\t\t\t\t\t<div class=\"elementor-element elementor-element-413332d elementor-widget elementor-widget-text-editor\" data-id=\"413332d\" data-element_type=\"widget\" data-widget_type=\"text-editor.default\">\n\t\t\t\t<div class=\"elementor-widget-container\">\n\t\t\t\t\t\t\t\t\t<h2>La salle de tirage est dot\u00e9e d\u2019\u00e9quipements et d\u2019appareils modernes destin\u00e9s \u00e0 l\u2019impression de divers documents administratifs et p\u00e9dagogiques. Elle est \u00e9galement utilis\u00e9e par les \u00e9tudiants internationaux pour imprimer les documents et publications li\u00e9s \u00e0 leurs \u00e9tudes.<\/h2>\t\t\t\t\t\t\t\t<\/div>\n\t\t\t\t<\/div>\n\t\t\t\t\t<\/div>\n\t\t<\/div>\n\t\t\t\t\t<\/div>\n\t\t<\/section>\n\t\t\t\t<section class=\"elementor-section elementor-top-section elementor-element elementor-element-2107e01 elementor-section-boxed elementor-section-height-default elementor-section-height-default wpr-particle-no wpr-jarallax-no wpr-parallax-no wpr-sticky-section-no\" data-id=\"2107e01\" data-element_type=\"section\">\n\t\t\t\t\t\t<div class=\"elementor-container elementor-column-gap-default\">\n\t\t\t\t\t<div class=\"elementor-column elementor-col-50 elementor-top-column elementor-element elementor-element-ee9509a\" data-id=\"ee9509a\" data-element_type=\"column\">\n\t\t\t<div class=\"elementor-widget-wrap elementor-element-populated\">\n\t\t\t\t\t\t<div class=\"elementor-element elementor-element-019ce59 elementor-widget elementor-widget-image\" data-id=\"019ce59\" data-element_type=\"widget\" data-widget_type=\"image.default\">\n\t\t\t\t<div class=\"elementor-widget-container\">\n\t\t\t\t\t\t\t\t\t\t\t\t\t\t\t<img fetchpriority=\"high\" decoding=\"async\" width=\"1024\" height=\"768\" src=\"http:\/\/www.univ-dbkm.dz\/fst1\/wp-content\/uploads\/2025\/03\/IMG_20250320_104954-1024x768.jpg\" class=\"attachment-large size-large wp-image-5148\" alt=\"\" srcset=\"http:\/\/www.univ-dbkm.dz\/fst1\/wp-content\/uploads\/2025\/03\/IMG_20250320_104954-1024x768.jpg 1024w, http:\/\/www.univ-dbkm.dz\/fst1\/wp-content\/uploads\/2025\/03\/IMG_20250320_104954-300x225.jpg 300w, http:\/\/www.univ-dbkm.dz\/fst1\/wp-content\/uploads\/2025\/03\/IMG_20250320_104954-768x576.jpg 768w, http:\/\/www.univ-dbkm.dz\/fst1\/wp-content\/uploads\/2025\/03\/IMG_20250320_104954-1536x1152.jpg 1536w, http:\/\/www.univ-dbkm.dz\/fst1\/wp-content\/uploads\/2025\/03\/IMG_20250320_104954-2048x1536.jpg 2048w\" sizes=\"(max-width: 1024px) 100vw, 1024px\" \/>\t\t\t\t\t\t\t\t\t\t\t\t\t\t\t<\/div>\n\t\t\t\t<\/div>\n\t\t\t\t\t<\/div>\n\t\t<\/div>\n\t\t\t\t<div class=\"elementor-column elementor-col-50 elementor-top-column elementor-element elementor-element-cb899c4\" data-id=\"cb899c4\" data-element_type=\"column\">\n\t\t\t<div class=\"elementor-widget-wrap elementor-element-populated\">\n\t\t\t\t\t\t<div class=\"elementor-element elementor-element-c2a2781 elementor-widget elementor-widget-image\" data-id=\"c2a2781\" data-element_type=\"widget\" data-widget_type=\"image.default\">\n\t\t\t\t<div class=\"elementor-widget-container\">\n\t\t\t\t\t\t\t\t\t\t\t\t\t\t\t<img decoding=\"async\" width=\"1024\" height=\"768\" src=\"http:\/\/www.univ-dbkm.dz\/fst1\/wp-content\/uploads\/2025\/03\/IMG_20250320_105018-1024x768.jpg\" class=\"attachment-large size-large wp-image-5145\" alt=\"\" srcset=\"http:\/\/www.univ-dbkm.dz\/fst1\/wp-content\/uploads\/2025\/03\/IMG_20250320_105018-1024x768.jpg 1024w, http:\/\/www.univ-dbkm.dz\/fst1\/wp-content\/uploads\/2025\/03\/IMG_20250320_105018-300x225.jpg 300w, http:\/\/www.univ-dbkm.dz\/fst1\/wp-content\/uploads\/2025\/03\/IMG_20250320_105018-768x576.jpg 768w, http:\/\/www.univ-dbkm.dz\/fst1\/wp-content\/uploads\/2025\/03\/IMG_20250320_105018-1536x1152.jpg 1536w, http:\/\/www.univ-dbkm.dz\/fst1\/wp-content\/uploads\/2025\/03\/IMG_20250320_105018-2048x1536.jpg 2048w\" sizes=\"(max-width: 1024px) 100vw, 1024px\" \/>\t\t\t\t\t\t\t\t\t\t\t\t\t\t\t<\/div>\n\t\t\t\t<\/div>\n\t\t\t\t\t<\/div>\n\t\t<\/div>\n\t\t\t\t\t<\/div>\n\t\t<\/section>\n\t\t\t\t<section class=\"elementor-section elementor-top-section elementor-element elementor-element-dcbb152 elementor-section-boxed elementor-section-height-default elementor-section-height-default wpr-particle-no wpr-jarallax-no wpr-parallax-no wpr-sticky-section-no\" data-id=\"dcbb152\" data-element_type=\"section\">\n\t\t\t\t\t\t<div class=\"elementor-container elementor-column-gap-default\">\n\t\t\t\t\t<div class=\"elementor-column elementor-col-50 elementor-top-column elementor-element elementor-element-e1bebdb\" data-id=\"e1bebdb\" data-element_type=\"column\">\n\t\t\t<div class=\"elementor-widget-wrap elementor-element-populated\">\n\t\t\t\t\t\t<div class=\"elementor-element elementor-element-272a603 elementor-widget elementor-widget-image\" data-id=\"272a603\" data-element_type=\"widget\" data-widget_type=\"image.default\">\n\t\t\t\t<div class=\"elementor-widget-container\">\n\t\t\t\t\t\t\t\t\t\t\t\t\t\t\t<img decoding=\"async\" width=\"1024\" height=\"768\" src=\"http:\/\/www.univ-dbkm.dz\/fst1\/wp-content\/uploads\/2025\/03\/IMG_20250320_104853-1024x768.jpg\" class=\"attachment-large size-large wp-image-5150\" alt=\"\" srcset=\"http:\/\/www.univ-dbkm.dz\/fst1\/wp-content\/uploads\/2025\/03\/IMG_20250320_104853-1024x768.jpg 1024w, http:\/\/www.univ-dbkm.dz\/fst1\/wp-content\/uploads\/2025\/03\/IMG_20250320_104853-300x225.jpg 300w, http:\/\/www.univ-dbkm.dz\/fst1\/wp-content\/uploads\/2025\/03\/IMG_20250320_104853-768x576.jpg 768w, http:\/\/www.univ-dbkm.dz\/fst1\/wp-content\/uploads\/2025\/03\/IMG_20250320_104853-1536x1152.jpg 1536w, http:\/\/www.univ-dbkm.dz\/fst1\/wp-content\/uploads\/2025\/03\/IMG_20250320_104853-2048x1536.jpg 2048w\" sizes=\"(max-width: 1024px) 100vw, 1024px\" \/>\t\t\t\t\t\t\t\t\t\t\t\t\t\t\t<\/div>\n\t\t\t\t<\/div>\n\t\t\t\t\t<\/div>\n\t\t<\/div>\n\t\t\t\t<div class=\"elementor-column elementor-col-50 elementor-top-column elementor-element elementor-element-0e32779\" data-id=\"0e32779\" data-element_type=\"column\">\n\t\t\t<div class=\"elementor-widget-wrap elementor-element-populated\">\n\t\t\t\t\t\t<div class=\"elementor-element elementor-element-3061583 elementor-widget elementor-widget-image\" data-id=\"3061583\" data-element_type=\"widget\" data-widget_type=\"image.default\">\n\t\t\t\t<div class=\"elementor-widget-container\">\n\t\t\t\t\t\t\t\t\t\t\t\t\t\t\t<img loading=\"lazy\" decoding=\"async\" width=\"768\" height=\"1024\" src=\"http:\/\/www.univ-dbkm.dz\/fst1\/wp-content\/uploads\/2025\/03\/IMG_20250320_105029-768x1024.jpg\" class=\"attachment-large size-large wp-image-5149\" alt=\"\" srcset=\"http:\/\/www.univ-dbkm.dz\/fst1\/wp-content\/uploads\/2025\/03\/IMG_20250320_105029-768x1024.jpg 768w, http:\/\/www.univ-dbkm.dz\/fst1\/wp-content\/uploads\/2025\/03\/IMG_20250320_105029-225x300.jpg 225w, http:\/\/www.univ-dbkm.dz\/fst1\/wp-content\/uploads\/2025\/03\/IMG_20250320_105029-1152x1536.jpg 1152w, http:\/\/www.univ-dbkm.dz\/fst1\/wp-content\/uploads\/2025\/03\/IMG_20250320_105029-1536x2048.jpg 1536w, http:\/\/www.univ-dbkm.dz\/fst1\/wp-content\/uploads\/2025\/03\/IMG_20250320_105029-scaled.jpg 1920w\" sizes=\"(max-width: 768px) 100vw, 768px\" \/>\t\t\t\t\t\t\t\t\t\t\t\t\t\t\t<\/div>\n\t\t\t\t<\/div>\n\t\t\t\t\t<\/div>\n\t\t<\/div>\n\t\t\t\t\t<\/div>\n\t\t<\/section>\n\t\t\t\t<\/div>\n\t\t","protected":false},"excerpt":{"rendered":"<p>La salle de tirage est dot\u00e9e d\u2019\u00e9quipements et d\u2019appareils modernes destin\u00e9s \u00e0 l\u2019impression de divers documents administratifs et p\u00e9dagogiques. Elle est \u00e9galement utilis\u00e9e par les \u00e9tudiants internationaux pour imprimer les documents et publications li\u00e9s \u00e0 leurs \u00e9tudes.<\/p>\n","protected":false},"author":4,"featured_media":0,"parent":0,"menu_order":0,"comment_status":"closed","ping_status":"closed","template":"","meta":{"site-sidebar-layout":"no-sidebar","site-content-layout":"page-builder","ast-global-header-display":"","ast-main-header-display":"","ast-hfb-above-header-display":"","ast-hfb-below-header-display":"","ast-hfb-mobile-header-display":"","site-post-title":"disabled","ast-breadcrumbs-content":"","ast-featured-img":"disabled","footer-sml-layout":"","theme-transparent-header-meta":"","adv-header-id-meta":"","stick-header-meta":"","header-above-stick-meta":"","header-main-stick-meta":"","header-below-stick-meta":"","footnotes":""},"class_list":["post-4692","page","type-page","status-publish","hentry"],"rttpg_featured_image_url":null,"rttpg_author":{"display_name":"webmaster","author_link":"http:\/\/www.univ-dbkm.dz\/fst1\/author\/a-goudjil\/"},"rttpg_comment":0,"rttpg_category":" <a href=\"http:\/\/www.univ-dbkm.dz\/fst1\/fr\/\" rel=\"tag\">Fran\u00e7ais<\/a>","rttpg_excerpt":"La salle de tirage est dot\u00e9e d\u2019\u00e9quipements et d\u2019appareils modernes destin\u00e9s \u00e0 l\u2019impression de divers documents administratifs et p\u00e9dagogiques. Elle est \u00e9galement utilis\u00e9e par les \u00e9tudiants internationaux pour imprimer les documents et publications li\u00e9s \u00e0 leurs \u00e9tudes.","_links":{"self":[{"href":"http:\/\/www.univ-dbkm.dz\/fst1\/wp-json\/wp\/v2\/pages\/4692","targetHints":{"allow":["GET"]}}],"collection":[{"href":"http:\/\/www.univ-dbkm.dz\/fst1\/wp-json\/wp\/v2\/pages"}],"about":[{"href":"http:\/\/www.univ-dbkm.dz\/fst1\/wp-json\/wp\/v2\/types\/page"}],"author":[{"embeddable":true,"href":"http:\/\/www.univ-dbkm.dz\/fst1\/wp-json\/wp\/v2\/users\/4"}],"replies":[{"embeddable":true,"href":"http:\/\/www.univ-dbkm.dz\/fst1\/wp-json\/wp\/v2\/comments?post=4692"}],"version-history":[{"count":37,"href":"http:\/\/www.univ-dbkm.dz\/fst1\/wp-json\/wp\/v2\/pages\/4692\/revisions"}],"predecessor-version":[{"id":5326,"href":"http:\/\/www.univ-dbkm.dz\/fst1\/wp-json\/wp\/v2\/pages\/4692\/revisions\/5326"}],"wp:attachment":[{"href":"http:\/\/www.univ-dbkm.dz\/fst1\/wp-json\/wp\/v2\/media?parent=4692"}],"curies":[{"name":"wp","href":"https:\/\/api.w.org\/{rel}","templated":true}]}}