{"id":100,"date":"2022-04-26T11:15:38","date_gmt":"2022-04-26T10:15:38","guid":{"rendered":"http:\/\/localhost\/udbkm\/?page_id=100"},"modified":"2025-06-10T09:06:40","modified_gmt":"2025-06-10T08:06:40","slug":"faculte-des-droits-et-sciences-politiques","status":"publish","type":"page","link":"http:\/\/www.univ-dbkm.dz\/?page_id=100&lang=fr","title":{"rendered":"Facult\u00e9 des Droits et Sciences Politiques"},"content":{"rendered":"\n<h2 class=\"wp-block-heading\">Doyen : <strong>Dr.ABDALLAH MEKHANEG<\/strong><\/h2>\n\n\n\n<p>Email : a.mekhaneg@univ-dbkm.dz<\/p>\n\n\n\n<p>Tel \/ Fax : <strong>+213 027 556 824<\/strong><\/p>\n\n\n<div class=\"wp-block-image\">\n<figure class=\"aligncenter size-full\"><img fetchpriority=\"high\" decoding=\"async\" width=\"282\" height=\"282\" src=\"http:\/\/www.univ-dbkm.dz\/wp-content\/uploads\/2025\/06\/PHOTO-ABDALLAH-MEKHANEG-1.jpg\" alt=\"\" class=\"wp-image-13863\" srcset=\"http:\/\/www.univ-dbkm.dz\/wp-content\/uploads\/2025\/06\/PHOTO-ABDALLAH-MEKHANEG-1.jpg 282w, http:\/\/www.univ-dbkm.dz\/wp-content\/uploads\/2025\/06\/PHOTO-ABDALLAH-MEKHANEG-1-150x150.jpg 150w, http:\/\/www.univ-dbkm.dz\/wp-content\/uploads\/2025\/06\/PHOTO-ABDALLAH-MEKHANEG-1-70x70.jpg 70w, http:\/\/www.univ-dbkm.dz\/wp-content\/uploads\/2025\/06\/PHOTO-ABDALLAH-MEKHANEG-1-246x246.jpg 246w, http:\/\/www.univ-dbkm.dz\/wp-content\/uploads\/2025\/06\/PHOTO-ABDALLAH-MEKHANEG-1-276x276.jpg 276w, http:\/\/www.univ-dbkm.dz\/wp-content\/uploads\/2025\/06\/PHOTO-ABDALLAH-MEKHANEG-1-125x125.jpg 125w\" sizes=\"(max-width: 282px) 100vw, 282px\" \/><\/figure>\n<\/div>\n\n\n<h1 class=\"wp-block-heading\">Sp\u00e9cialit\u00e9s &amp; D\u00e9partements :<\/h1>\n\n\n\n<h2 class=\"wp-block-heading\">D\u00e9partements:<\/h2>\n\n\n\n<p>Cette facult\u00e9 se compose de deux (02) d\u00e9partements :<\/p>\n\n\n\n<h2 class=\"wp-block-heading\">D\u00e9partement de Droit:<\/h2>\n\n\n\n<figure class=\"wp-block-table\"><table><tbody><tr><td><strong>Licence<\/strong><\/td><td><em>Droit Public<\/em><br><em>Droit Priv\u00e9<\/em><\/td><\/tr><\/tbody><\/table><\/figure>\n\n\n\n<figure class=\"wp-block-table\"><table><tbody><tr><td><strong>Master<\/strong><\/td><td>Droit administratif&nbsp;<br>Droit des affaires&nbsp;<br>Droit de la famille&nbsp;<br>Droit des administrations et&nbsp;gestion des communaut\u00e9s locales<\/td><\/tr><\/tbody><\/table><\/figure>\n\n\n\n<figure class=\"wp-block-table\"><table><tbody><tr><td><strong>Doctorat<\/strong><\/td><td>Droit de la famille<br>Droit administratif&nbsp;<br>Droit des affaires&nbsp;<br>Droit international public<\/td><\/tr><\/tbody><\/table><\/figure>\n\n\n\n<h2 class=\"wp-block-heading\">D\u00e9partement des Sciences Politiques:<\/h2>\n\n\n\n<figure class=\"wp-block-table\"><table><tbody><tr><td><strong>Licence<\/strong><\/td><td><\/td><\/tr><\/tbody><\/table><\/figure>\n\n\n\n<figure class=\"wp-block-table\"><table><tbody><tr><td><strong>Master<\/strong><\/td><td><em>Relations Internationales<\/em><br>Organisation Politique et Administrative<br>Administration Locale<\/td><\/tr><\/tbody><\/table><\/figure>\n\n\n\n<figure class=\"wp-block-table\"><table><tbody><tr><td><strong>Doctorat<\/strong><\/td><td><em>Relations Internationales<\/em><br>Organisation Politique et Administrative<br>Administration Locale<\/td><\/tr><\/tbody><\/table><\/figure>\n\n\n\n<h1 class=\"wp-block-heading\">Laboratoires de recherche<\/h1>\n\n\n\n<p>La facult\u00e9 FDP dispose de trois (03) laboratoires de recherche :<\/p>\n\n\n\n<ul class=\"wp-block-list\">\n<li>Laboratoire du syst\u00e8me d\u2019\u00e9tat civil.<\/li>\n\n\n\n<li>Laboratoire du r\u00e9gime juridique des contrats et des actions de droit priv\u00e9.<\/li>\n\n\n\n<li>Laboratoire de la s\u00e9curit\u00e9 nationale alg\u00e9rienne, enjeux et d\u00e9fis.<\/li>\n<\/ul>\n\n\n\n<div class=\"wp-block-buttons is-layout-flex wp-block-buttons-is-layout-flex\">\n<div class=\"wp-block-button aligncenter\"><a class=\"wp-block-button__link wp-element-button\" href=\"http:\/\/fdsp.univ-dbkm.dz\/fr\/home-francais\/\">Acc\u00e8s au portail<\/a><\/div>\n<\/div>\n","protected":false},"excerpt":{"rendered":"<p>Doyen : Dr.ABDALLAH MEKHANEG Email : a.mekhaneg@univ-dbkm.dz Tel \/ Fax : +213 027 556 824 Sp\u00e9cialit\u00e9s &amp; D\u00e9partements : D\u00e9partements: &hellip; <\/p>\n","protected":false},"author":1,"featured_media":0,"parent":0,"menu_order":0,"comment_status":"closed","ping_status":"closed","template":"","meta":{"_lmt_disableupdate":"","_lmt_disable":"","footnotes":""},"class_list":["post-100","page","type-page","status-publish","hentry"],"_links":{"self":[{"href":"http:\/\/www.univ-dbkm.dz\/index.php?rest_route=\/wp\/v2\/pages\/100","targetHints":{"allow":["GET"]}}],"collection":[{"href":"http:\/\/www.univ-dbkm.dz\/index.php?rest_route=\/wp\/v2\/pages"}],"about":[{"href":"http:\/\/www.univ-dbkm.dz\/index.php?rest_route=\/wp\/v2\/types\/page"}],"author":[{"embeddable":true,"href":"http:\/\/www.univ-dbkm.dz\/index.php?rest_route=\/wp\/v2\/users\/1"}],"replies":[{"embeddable":true,"href":"http:\/\/www.univ-dbkm.dz\/index.php?rest_route=%2Fwp%2Fv2%2Fcomments&post=100"}],"version-history":[{"count":3,"href":"http:\/\/www.univ-dbkm.dz\/index.php?rest_route=\/wp\/v2\/pages\/100\/revisions"}],"predecessor-version":[{"id":13868,"href":"http:\/\/www.univ-dbkm.dz\/index.php?rest_route=\/wp\/v2\/pages\/100\/revisions\/13868"}],"wp:attachment":[{"href":"http:\/\/www.univ-dbkm.dz\/index.php?rest_route=%2Fwp%2Fv2%2Fmedia&parent=100"}],"curies":[{"name":"wp","href":"https:\/\/api.w.org\/{rel}","templated":true}]}}