{"id":1005,"date":"2022-05-31T13:11:17","date_gmt":"2022-05-31T12:11:17","guid":{"rendered":"http:\/\/localhost\/udbkm\/?page_id=1005"},"modified":"2022-08-29T14:06:29","modified_gmt":"2022-08-29T13:06:29","slug":"secretariat-general","status":"publish","type":"page","link":"http:\/\/www.univ-dbkm.dz\/?page_id=1005&lang=fr","title":{"rendered":"Secr\u00e9tariat G\u00e9n\u00e9ral"},"content":{"rendered":"\n<p>Le secr\u00e9taire g\u00e9n\u00e9ral de l&#8217;universit\u00e9 Djilali Bounaama <strong>Mme Bensmaili Samia<\/strong><\/p>\n\n\n\n<p>Email: s.bensmaili@univ-dbkm.dz<\/p>\n\n\n\n<p>Tel\/Fax: <\/p>\n\n\n\n<figure class=\"wp-block-image size-large\"><img fetchpriority=\"high\" decoding=\"async\" width=\"684\" height=\"1024\" src=\"http:\/\/www.univ-dbkm.dz\/udbkm\/wp-content\/uploads\/2022\/07\/MG_0010-684x1024.jpg\" alt=\"\" class=\"wp-image-2153\" srcset=\"http:\/\/www.univ-dbkm.dz\/wp-content\/uploads\/2022\/07\/MG_0010-684x1024.jpg 684w, http:\/\/www.univ-dbkm.dz\/wp-content\/uploads\/2022\/07\/MG_0010-200x300.jpg 200w, http:\/\/www.univ-dbkm.dz\/wp-content\/uploads\/2022\/07\/MG_0010-768x1150.jpg 768w, http:\/\/www.univ-dbkm.dz\/wp-content\/uploads\/2022\/07\/MG_0010-1025x1536.jpg 1025w, http:\/\/www.univ-dbkm.dz\/wp-content\/uploads\/2022\/07\/MG_0010-1367x2048.jpg 1367w, http:\/\/www.univ-dbkm.dz\/wp-content\/uploads\/2022\/07\/MG_0010-scaled.jpg 1709w\" sizes=\"(max-width: 684px) 100vw, 684px\" \/><\/figure>\n\n\n\n<h1 class=\"wp-block-heading\">T\u00e2ches et service du Secr\u00e9tariat G\u00e9n\u00e9ral<\/h1>\n\n\n\n<p><strong>Le Secr\u00e9tariat G\u00e9n\u00e9ral est charg\u00e9 de&nbsp; :<\/strong><\/p>\n\n\n\n<ul class=\"wp-block-list\"><li>Assurer la gestion des carri\u00e8res du personnel de l\u2019universit\u00e9 dans le respect des attributions de la facult\u00e9 et l\u2019institut en la mati\u00e8re.<\/li><li>Pr\u00e9parer les projets et le budget de l\u2019universit\u00e9 et d\u2019en suivre l\u2019ex\u00e9cution.<\/li><li>Assurer le suivi du financement des activit\u00e9s des laboratoires et unit\u00e9s de recherche.<\/li><li>Veiller au bon fonctionnement des services communs de l\u2019universit\u00e9.<\/li><li>Mettre en \u0153uvre les programmes d\u2019activit\u00e9s culturelles et sportives de l\u2019universit\u00e9 et les promouvoir.<\/li><li>Assurer le suivi et la coordination des plans de s\u00fbret\u00e9 interne de l\u2019universit\u00e9 en relation avec le bureau minist\u00e9riel de s\u00fbret\u00e9 interne.<\/li><li>Assurer la gestion et la conservation des archives et de la documentation du rectorat.<\/li><li>Assurer le fonctionnement et la gestion du bureau d\u2019ordre de l\u2019universit\u00e9.<\/li><\/ul>\n\n\n\n<p>Le secr\u00e9tariat g\u00e9n\u00e9ral auquel sont rattach\u00e9s le bureau d\u2019ordre g\u00e9n\u00e9ral et le bureau de s\u00fbret\u00e9 interne comprend les sous directions suivantes :<\/p>\n\n\n\n<h1 class=\"wp-block-heading\">Sous-Directions<\/h1>\n\n\n\n<ul class=\"wp-block-list\"><li>Sous direction du Personnel et de la Formation.<\/li><li>Sous direction du Budget et de la Comptabilit\u00e9.<\/li><li>Sous direction des Moyens et de la Maintenance.<\/li><li>Sous direction des Activit\u00e9s Scientifiques, Culturelles et Sportives.<\/li><\/ul>\n\n\n\n<h1 class=\"wp-block-heading\">Services Communs<\/h1>\n\n\n\n<ul class=\"wp-block-list\"><li>\u00a0Centre des R\u00e9seaux et Syst\u00e8mes d\u2019Information et de Communication, de t\u00e9l\u00e9-enseignement et d\u2019enseignement \u00e0 distance.<\/li><li>\u00a0Centre d\u2019Enseignement Intensif des Langues.<\/li><li>\u00a0Centre d\u2019Impression et d\u2019Audiovisuel.<\/li><\/ul>\n","protected":false},"excerpt":{"rendered":"<p>Le secr\u00e9taire g\u00e9n\u00e9ral de l&#8217;universit\u00e9 Djilali Bounaama Mme Bensmaili Samia Email: s.bensmaili@univ-dbkm.dz Tel\/Fax: T\u00e2ches et service du Secr\u00e9tariat G\u00e9n\u00e9ral Le &hellip; <\/p>\n","protected":false},"author":1,"featured_media":0,"parent":0,"menu_order":0,"comment_status":"closed","ping_status":"closed","template":"","meta":{"_lmt_disableupdate":"","_lmt_disable":"","footnotes":""},"class_list":["post-1005","page","type-page","status-publish","hentry"],"_links":{"self":[{"href":"http:\/\/www.univ-dbkm.dz\/index.php?rest_route=\/wp\/v2\/pages\/1005","targetHints":{"allow":["GET"]}}],"collection":[{"href":"http:\/\/www.univ-dbkm.dz\/index.php?rest_route=\/wp\/v2\/pages"}],"about":[{"href":"http:\/\/www.univ-dbkm.dz\/index.php?rest_route=\/wp\/v2\/types\/page"}],"author":[{"embeddable":true,"href":"http:\/\/www.univ-dbkm.dz\/index.php?rest_route=\/wp\/v2\/users\/1"}],"replies":[{"embeddable":true,"href":"http:\/\/www.univ-dbkm.dz\/index.php?rest_route=%2Fwp%2Fv2%2Fcomments&post=1005"}],"version-history":[{"count":0,"href":"http:\/\/www.univ-dbkm.dz\/index.php?rest_route=\/wp\/v2\/pages\/1005\/revisions"}],"wp:attachment":[{"href":"http:\/\/www.univ-dbkm.dz\/index.php?rest_route=%2Fwp%2Fv2%2Fmedia&parent=1005"}],"curies":[{"name":"wp","href":"https:\/\/api.w.org\/{rel}","templated":true}]}}